CREATE TABLE IF NOT EXISTS `search_dataset` (
  `sid` int(10) unsigned NOT NULL DEFAULT 0 COMMENT 'Search item ID, e.g. node ID for nodes.',
  `langcode` varchar(12) CHARACTER SET ascii COLLATE ascii_general_ci NOT NULL DEFAULT '' COMMENT 'The "languages".langcode of the item variant.',
  `type` varchar(64) CHARACTER SET ascii COLLATE ascii_general_ci NOT NULL COMMENT 'Type of item, e.g. node.',
  `data` longtext NOT NULL COMMENT 'List of space-separated words from the item.',
  `reindex` int(10) unsigned NOT NULL DEFAULT 0 COMMENT 'Set to force node reindexing.',
  PRIMARY KEY (`sid`,`langcode`,`type`)
) ENGINE=InnoDB DEFAULT CHARSET=utf8mb4 COLLATE=utf8mb4_general_ci COMMENT='Stores items that will be searched.';

-- Dumping data for table drupal10.search_dataset: ~5 rows (approximately)
INSERT INTO `search_dataset` (`sid`, `langcode`, `type`, `data`, `reindex`) VALUES
	(1, 'en', 'node_search', ' article 1 article 1 lorem ipsum dolor sit amet consectetur adipiscing elit nam non nulla nunc mauris malesuada id erat quis vulputate ut non enim eget nibh facilisis molestie pellentesque sed auctor nulla a consectetur purus integer malesuada nisi sed risus vestibulum egestas in malesuada dui vitae est mollis euismod nam et felis erat cras aliquam augue sed porta semper massa eros interdum ipsum vel cursus lorem velit non enim maecenas euismod et lorem in aliquet ut gravida tellus ac suscipit efficitur praesent vehicula est et lorem dictum rhoncus cras viverra diam a tincidunt consequat suspendisse dolor ex pharetra ac arcu nec convallis maximus magna cras neque nisi luctus a malesuada vitae consectetur id massa sed eu gravida nunc donec congue libero nisi auctor lacinia ligula pharetra eget curabitur mattis interdum condimentum sed eget tempor mi a cursus neque curabitur sapien arcu maximus ut erat ac egestas fermentum diam aliquam erat volutpat suspendisse enim urna congue ac viverra a aliquam id ante pellentesque id magna in orci mattis euismod vel luctus turpis fusce vulputate ligula vel condimentum consectetur quam nibh posuere lectus ac pulvinar diam elit eu arcu admin tue 5022023 1608  ', 0),
	(2, 'en', 'node_search', ' article 2 article 2 ut gravida tellus ac suscipit efficitur praesent vehicula est et lorem dictum rhoncus cras viverra diam a tincidunt consequat suspendisse dolor ex pharetra ac arcu nec convallis maximus magna cras neque nisi luctus a malesuada vitae consectetur id massa sed eu gravida nunc donec congue libero nisi auctor lacinia ligula pharetra eget curabitur mattis interdum condimentum sed eget tempor mi a cursus neque curabitur sapien arcu maximus ut erat ac egestas fermentum diam aliquam erat volutpat suspendisse enim urna congue ac viverra a aliquam id ante pellentesque id magna in orci mattis euismod vel luctus turpis fusce vulputate ligula vel condimentum consectetur quam nibh posuere lectus ac pulvinar diam elit eu arcu admin tue 5022023 1608  ', 0),
	(3, 'en', 'node_search', ' article 3 article 3 lorem ipsum dolor sit amet consectetur adipiscing elit nam non nulla nunc mauris malesuada id erat quis vulputate ut non enim eget nibh facilisis molestie pellentesque sed auctor nulla a consectetur purus integer malesuada nisi sed risus vestibulum egestas in malesuada dui vitae est mollis euismod nam et felis erat cras aliquam augue sed porta semper massa eros interdum ipsum vel cursus lorem velit non enim maecenas euismod et lorem in aliquet admin tue 5022023 1608  ', 0),
	(4, 'en', 'node_search', ' article 4 article 4 lorem ipsum dolor sit amet consectetur adipiscing elit nam non nulla nunc mauris malesuada id erat quis vulputate ut non enim eget nibh facilisis molestie pellentesque sed auctor nulla a consectetur purus integer malesuada nisi sed risus vestibulum egestas in malesuada dui vitae est mollis euismod nam et felis erat cras aliquam augue sed porta semper massa eros interdum ipsum vel cursus lorem velit non enim maecenas euismod et lorem in aliquet ut gravida tellus ac suscipit efficitur praesent vehicula est et lorem dictum rhoncus cras viverra diam a tincidunt consequat suspendisse dolor ex pharetra ac arcu nec convallis maximus magna cras neque nisi luctus a malesuada vitae consectetur id massa sed eu gravida nunc donec congue libero nisi auctor lacinia ligula pharetra eget curabitur mattis interdum condimentum sed eget tempor mi a cursus neque curabitur sapien arcu maximus ut erat ac egestas fermentum diam aliquam erat volutpat suspendisse enim urna congue ac viverra a aliquam id ante pellentesque id magna in orci mattis euismod vel luctus turpis fusce vulputate ligula vel condimentum consectetur quam nibh posuere lectus ac pulvinar diam elit eu arcu admin tue 5022023 1608  ', 0),
	(5, 'en', 'node_search', ' article 5 article 5 lorem ipsum dolor sit amet consectetur adipiscing elit nam non nulla nunc mauris malesuada id erat quis vulputate ut non enim eget nibh facilisis molestie pellentesque sed auctor nulla a consectetur purus integer malesuada nisi sed risus vestibulum egestas in malesuada dui vitae est mollis euismod nam et felis erat cras aliquam augue sed porta semper massa eros interdum ipsum vel cursus lorem velit non enim maecenas euismod et lorem in aliquet ut gravida tellus ac suscipit efficitur praesent vehicula est et lorem dictum rhoncus cras viverra diam a tincidunt consequat suspendisse dolor ex pharetra ac arcu nec convallis maximus magna cras neque nisi luctus a malesuada vitae consectetur id massa sed eu gravida nunc donec congue libero nisi auctor lacinia ligula pharetra eget curabitur mattis interdum condimentum sed eget tempor mi a cursus neque curabitur sapien arcu maximus ut erat ac egestas fermentum diam aliquam erat volutpat suspendisse enim urna congue ac viverra a aliquam id ante pellentesque id magna in orci mattis euismod vel luctus turpis fusce vulputate ligula vel condimentum consectetur quam nibh posuere lectus ac pulvinar diam elit eu arcu admin tue 5022023 1608  ', 0);

-- Dumping structure for table drupal10.search_index
CREATE TABLE IF NOT EXISTS `search_index` (
  `word` varchar(50) NOT NULL DEFAULT '' COMMENT 'The "search_total".word that is associated with the search item.',
  `sid` int(10) unsigned NOT NULL DEFAULT 0 COMMENT 'The "search_dataset".sid of the searchable item to which the word belongs.',
  `langcode` varchar(12) CHARACTER SET ascii COLLATE ascii_general_ci NOT NULL DEFAULT '' COMMENT 'The "languages".langcode of the item variant.',
  `type` varchar(64) CHARACTER SET ascii COLLATE ascii_general_ci NOT NULL COMMENT 'The "search_dataset".type of the searchable item to which the word belongs.',
  `score` float DEFAULT NULL COMMENT 'The numeric score of the word, higher being more important.',
  PRIMARY KEY (`word`,`sid`,`langcode`,`type`),
  KEY `sid_type` (`sid`,`langcode`,`type`)
) ENGINE=InnoDB DEFAULT CHARSET=utf8mb4 COLLATE=utf8mb4_general_ci COMMENT='Stores the search index, associating words, items and…';

-- Dumping data for table drupal10.search_index: ~423 rows (approximately)
INSERT INTO `search_index` (`word`, `sid`, `langcode`, `type`, `score`) VALUES
	('1', 1, 'en', 'node_search', 27),
	('1608', 1, 'en', 'node_search', 1),
	('1608', 2, 'en', 'node_search', 1),
	('1608', 3, 'en', 'node_search', 1),
	('1608', 4, 'en', 'node_search', 1),
	('1608', 5, 'en', 'node_search', 1),
	('2', 2, 'en', 'node_search', 27),
	('3', 3, 'en', 'node_search', 27),
	('4', 4, 'en', 'node_search', 27),
	('5', 5, 'en', 'node_search', 27),
	('5022023', 1, 'en', 'node_search', 1),
	('5022023', 2, 'en', 'node_search', 1),
	('5022023', 3, 'en', 'node_search', 1),
	('5022023', 4, 'en', 'node_search', 1),
	('5022023', 5, 'en', 'node_search', 1),
	('adipiscing', 1, 'en', 'node_search', 1),
	('adipiscing', 3, 'en', 'node_search', 1),
	('adipiscing', 4, 'en', 'node_search', 1),
	('adipiscing', 5, 'en', 'node_search', 1),
	('admin', 1, 'en', 'node_search', 1),
	('admin', 2, 'en', 'node_search', 1),
	('admin', 3, 'en', 'node_search', 1),
	('admin', 4, 'en', 'node_search', 1),
	('admin', 5, 'en', 'node_search', 1),
	('aliquam', 1, 'en', 'node_search', 3),
	('aliquam', 2, 'en', 'node_search', 2),
	('aliquam', 3, 'en', 'node_search', 1),
	('aliquam', 4, 'en', 'node_search', 3),
	('aliquam', 5, 'en', 'node_search', 3),
	('aliquet', 1, 'en', 'node_search', 1),
	('aliquet', 3, 'en', 'node_search', 1),
	('aliquet', 4, 'en', 'node_search', 1),
	('aliquet', 5, 'en', 'node_search', 1),
	('amet', 1, 'en', 'node_search', 1),
	('amet', 3, 'en', 'node_search', 1),
	('amet', 4, 'en', 'node_search', 1),
	('amet', 5, 'en', 'node_search', 1),
	('ante', 1, 'en', 'node_search', 1),
	('ante', 2, 'en', 'node_search', 1),
	('ante', 4, 'en', 'node_search', 1),
	('ante', 5, 'en', 'node_search', 1),
	('arcu', 1, 'en', 'node_search', 3),
	('arcu', 2, 'en', 'node_search', 3),
	('arcu', 4, 'en', 'node_search', 3),
	('arcu', 5, 'en', 'node_search', 3),
	('article', 1, 'en', 'node_search', 27),
	('article', 2, 'en', 'node_search', 27),
	('article', 3, 'en', 'node_search', 27),
	('article', 4, 'en', 'node_search', 27),
	('article', 5, 'en', 'node_search', 27),
	('auctor', 1, 'en', 'node_search', 2),
	('auctor', 2, 'en', 'node_search', 1),
	('auctor', 3, 'en', 'node_search', 1),
	('auctor', 4, 'en', 'node_search', 2),
	('auctor', 5, 'en', 'node_search', 2),
	('augue', 1, 'en', 'node_search', 1),
	('augue', 3, 'en', 'node_search', 1),
	('augue', 4, 'en', 'node_search', 1),
	('augue', 5, 'en', 'node_search', 1),
	('condimentum', 1, 'en', 'node_search', 2),
	('condimentum', 2, 'en', 'node_search', 2),
	('condimentum', 4, 'en', 'node_search', 2),
	('condimentum', 5, 'en', 'node_search', 2),
	('congue', 1, 'en', 'node_search', 2),
	('congue', 2, 'en', 'node_search', 2),
	('congue', 4, 'en', 'node_search', 2),
	('congue', 5, 'en', 'node_search', 2),
	('consectetur', 1, 'en', 'node_search', 4),
	('consectetur', 2, 'en', 'node_search', 2),
	('consectetur', 3, 'en', 'node_search', 2),
	('consectetur', 4, 'en', 'node_search', 4),
	('consectetur', 5, 'en', 'node_search', 4),
	('consequat', 1, 'en', 'node_search', 1),
	('consequat', 2, 'en', 'node_search', 1),
	('consequat', 4, 'en', 'node_search', 1),
	('consequat', 5, 'en', 'node_search', 1),
	('convallis', 1, 'en', 'node_search', 1),
	('convallis', 2, 'en', 'node_search', 1),
	('convallis', 4, 'en', 'node_search', 1),
	('convallis', 5, 'en', 'node_search', 1),
	('cras', 1, 'en', 'node_search', 3),
	('cras', 2, 'en', 'node_search', 2),
	('cras', 3, 'en', 'node_search', 1),
	('cras', 4, 'en', 'node_search', 3),
	('cras', 5, 'en', 'node_search', 3),
	('curabitur', 1, 'en', 'node_search', 2),
	('curabitur', 2, 'en', 'node_search', 2),
	('curabitur', 4, 'en', 'node_search', 2),
	('curabitur', 5, 'en', 'node_search', 2),
	('cursus', 1, 'en', 'node_search', 2),
	('cursus', 2, 'en', 'node_search', 1),
	('cursus', 3, 'en', 'node_search', 1),
	('cursus', 4, 'en', 'node_search', 2),
	('cursus', 5, 'en', 'node_search', 2),
	('diam', 1, 'en', 'node_search', 3),
	('diam', 2, 'en', 'node_search', 3),
	('diam', 4, 'en', 'node_search', 3),
	('diam', 5, 'en', 'node_search', 3),
	('dictum', 1, 'en', 'node_search', 1),
	('dictum', 2, 'en', 'node_search', 1),
	('dictum', 4, 'en', 'node_search', 1),
	('dictum', 5, 'en', 'node_search', 1),
	('dolor', 1, 'en', 'node_search', 2),
	('dolor', 2, 'en', 'node_search', 1),
	('dolor', 3, 'en', 'node_search', 1),
	('dolor', 4, 'en', 'node_search', 2),
	('dolor', 5, 'en', 'node_search', 2),
	('donec', 1, 'en', 'node_search', 1),
	('donec', 2, 'en', 'node_search', 1),
	('donec', 4, 'en', 'node_search', 1),
	('donec', 5, 'en', 'node_search', 1),
	('dui', 1, 'en', 'node_search', 1),
	('dui', 3, 'en', 'node_search', 1),
	('dui', 4, 'en', 'node_search', 1),
	('dui', 5, 'en', 'node_search', 1),
	('efficitur', 1, 'en', 'node_search', 1),
	('efficitur', 2, 'en', 'node_search', 1),
	('efficitur', 4, 'en', 'node_search', 1),
	('efficitur', 5, 'en', 'node_search', 1),
	('egestas', 1, 'en', 'node_search', 2),
	('egestas', 2, 'en', 'node_search', 1),
	('egestas', 3, 'en', 'node_search', 1),
	('egestas', 4, 'en', 'node_search', 2),
	('egestas', 5, 'en', 'node_search', 2),
	('eget', 1, 'en', 'node_search', 3),
	('eget', 2, 'en', 'node_search', 2),
	('eget', 3, 'en', 'node_search', 1),
	('eget', 4, 'en', 'node_search', 3),
	('eget', 5, 'en', 'node_search', 3),
	('elit', 1, 'en', 'node_search', 2),
	('elit', 2, 'en', 'node_search', 1),
	('elit', 3, 'en', 'node_search', 1),
	('elit', 4, 'en', 'node_search', 2),
	('elit', 5, 'en', 'node_search', 2),
	('enim', 1, 'en', 'node_search', 3),
	('enim', 2, 'en', 'node_search', 1),
	('enim', 3, 'en', 'node_search', 2),
	('enim', 4, 'en', 'node_search', 3),
	('enim', 5, 'en', 'node_search', 3),
	('erat', 1, 'en', 'node_search', 4),
	('erat', 2, 'en', 'node_search', 2),
	('erat', 3, 'en', 'node_search', 2),
	('erat', 4, 'en', 'node_search', 4),
	('erat', 5, 'en', 'node_search', 4),
	('eros', 1, 'en', 'node_search', 1),
	('eros', 3, 'en', 'node_search', 1),
	('eros', 4, 'en', 'node_search', 1),
	('eros', 5, 'en', 'node_search', 1),
	('est', 1, 'en', 'node_search', 2),
	('est', 2, 'en', 'node_search', 1),
	('est', 3, 'en', 'node_search', 1),
	('est', 4, 'en', 'node_search', 2),
	('est', 5, 'en', 'node_search', 2),
	('euismod', 1, 'en', 'node_search', 3),
	('euismod', 2, 'en', 'node_search', 1),
	('euismod', 3, 'en', 'node_search', 2),
	('euismod', 4, 'en', 'node_search', 3),
	('euismod', 5, 'en', 'node_search', 3),
	('facilisis', 1, 'en', 'node_search', 1),
	('facilisis', 3, 'en', 'node_search', 1),
	('facilisis', 4, 'en', 'node_search', 1),
	('facilisis', 5, 'en', 'node_search', 1),
	('felis', 1, 'en', 'node_search', 1),
	('felis', 3, 'en', 'node_search', 1),
	('felis', 4, 'en', 'node_search', 1),
	('felis', 5, 'en', 'node_search', 1),
	('fermentum', 1, 'en', 'node_search', 1),
	('fermentum', 2, 'en', 'node_search', 1),
	('fermentum', 4, 'en', 'node_search', 1),
	('fermentum', 5, 'en', 'node_search', 1),
	('fusce', 1, 'en', 'node_search', 1),
	('fusce', 2, 'en', 'node_search', 1),
	('fusce', 4, 'en', 'node_search', 1),
	('fusce', 5, 'en', 'node_search', 1),
	('gravida', 1, 'en', 'node_search', 2),
	('gravida', 2, 'en', 'node_search', 2),
	('gravida', 4, 'en', 'node_search', 2),
	('gravida', 5, 'en', 'node_search', 2),
	('integer', 1, 'en', 'node_search', 1),
	('integer', 3, 'en', 'node_search', 1),
	('integer', 4, 'en', 'node_search', 1),
	('integer', 5, 'en', 'node_search', 1),
	('interdum', 1, 'en', 'node_search', 2),
	('interdum', 2, 'en', 'node_search', 1),
	('interdum', 3, 'en', 'node_search', 1),
	('interdum', 4, 'en', 'node_search', 2),
	('interdum', 5, 'en', 'node_search', 2),
	('ipsum', 1, 'en', 'node_search', 2),
	('ipsum', 3, 'en', 'node_search', 2),
	('ipsum', 4, 'en', 'node_search', 2),
	('ipsum', 5, 'en', 'node_search', 2),
	('lacinia', 1, 'en', 'node_search', 1),
	('lacinia', 2, 'en', 'node_search', 1),
	('lacinia', 4, 'en', 'node_search', 1),
	('lacinia', 5, 'en', 'node_search', 1),
	('lectus', 1, 'en', 'node_search', 1),
	('lectus', 2, 'en', 'node_search', 1),
	('lectus', 4, 'en', 'node_search', 1),
	('lectus', 5, 'en', 'node_search', 1),
	('libero', 1, 'en', 'node_search', 1),
	('libero', 2, 'en', 'node_search', 1),
	('libero', 4, 'en', 'node_search', 1),
	('libero', 5, 'en', 'node_search', 1),
	('ligula', 1, 'en', 'node_search', 2),
	('ligula', 2, 'en', 'node_search', 2),
	('ligula', 4, 'en', 'node_search', 2),
	('ligula', 5, 'en', 'node_search', 2),
	('lorem', 1, 'en', 'node_search', 4),
	('lorem', 2, 'en', 'node_search', 1),
	('lorem', 3, 'en', 'node_search', 3),
	('lorem', 4, 'en', 'node_search', 4),
	('lorem', 5, 'en', 'node_search', 4),
	('luctus', 1, 'en', 'node_search', 2),
	('luctus', 2, 'en', 'node_search', 2),
	('luctus', 4, 'en', 'node_search', 2),
	('luctus', 5, 'en', 'node_search', 2),
	('maecenas', 1, 'en', 'node_search', 1),
	('maecenas', 3, 'en', 'node_search', 1),
	('maecenas', 4, 'en', 'node_search', 1),
	('maecenas', 5, 'en', 'node_search', 1),
	('magna', 1, 'en', 'node_search', 2),
	('magna', 2, 'en', 'node_search', 2),
	('magna', 4, 'en', 'node_search', 2),
	('magna', 5, 'en', 'node_search', 2),
	('malesuada', 1, 'en', 'node_search', 4),
	('malesuada', 2, 'en', 'node_search', 1),
	('malesuada', 3, 'en', 'node_search', 3),
	('malesuada', 4, 'en', 'node_search', 4),
	('malesuada', 5, 'en', 'node_search', 4),
	('massa', 1, 'en', 'node_search', 2),
	('massa', 2, 'en', 'node_search', 1),
	('massa', 3, 'en', 'node_search', 1),
	('massa', 4, 'en', 'node_search', 2),
	('massa', 5, 'en', 'node_search', 2),
	('mattis', 1, 'en', 'node_search', 2),
	('mattis', 2, 'en', 'node_search', 2),
	('mattis', 4, 'en', 'node_search', 2),
	('mattis', 5, 'en', 'node_search', 2),
	('mauris', 1, 'en', 'node_search', 1),
	('mauris', 3, 'en', 'node_search', 1),
	('mauris', 4, 'en', 'node_search', 1),
	('mauris', 5, 'en', 'node_search', 1),
	('maximus', 1, 'en', 'node_search', 2),
	('maximus', 2, 'en', 'node_search', 2),
	('maximus', 4, 'en', 'node_search', 2),
	('maximus', 5, 'en', 'node_search', 2),
	('molestie', 1, 'en', 'node_search', 1),
	('molestie', 3, 'en', 'node_search', 1),
	('molestie', 4, 'en', 'node_search', 1),
	('molestie', 5, 'en', 'node_search', 1),
	('mollis', 1, 'en', 'node_search', 1),
	('mollis', 3, 'en', 'node_search', 1),
	('mollis', 4, 'en', 'node_search', 1),
	('mollis', 5, 'en', 'node_search', 1),
	('nam', 1, 'en', 'node_search', 2),
	('nam', 3, 'en', 'node_search', 2),
	('nam', 4, 'en', 'node_search', 2),
	('nam', 5, 'en', 'node_search', 2),
	('nec', 1, 'en', 'node_search', 1),
	('nec', 2, 'en', 'node_search', 1),
	('nec', 4, 'en', 'node_search', 1),
	('nec', 5, 'en', 'node_search', 1),
	('neque', 1, 'en', 'node_search', 2),
	('neque', 2, 'en', 'node_search', 2),
	('neque', 4, 'en', 'node_search', 2),
	('neque', 5, 'en', 'node_search', 2),
	('nibh', 1, 'en', 'node_search', 2),
	('nibh', 2, 'en', 'node_search', 1),
	('nibh', 3, 'en', 'node_search', 1),
	('nibh', 4, 'en', 'node_search', 2),
	('nibh', 5, 'en', 'node_search', 2),
	('nisi', 1, 'en', 'node_search', 3),
	('nisi', 2, 'en', 'node_search', 2),
	('nisi', 3, 'en', 'node_search', 1),
	('nisi', 4, 'en', 'node_search', 3),
	('nisi', 5, 'en', 'node_search', 3),
	('non', 1, 'en', 'node_search', 3),
	('non', 3, 'en', 'node_search', 3),
	('non', 4, 'en', 'node_search', 3),
	('non', 5, 'en', 'node_search', 3),
	('nulla', 1, 'en', 'node_search', 2),
	('nulla', 3, 'en', 'node_search', 2),
	('nulla', 4, 'en', 'node_search', 2),
	('nulla', 5, 'en', 'node_search', 2),
	('nunc', 1, 'en', 'node_search', 2),
	('nunc', 2, 'en', 'node_search', 1),
	('nunc', 3, 'en', 'node_search', 1),
	('nunc', 4, 'en', 'node_search', 2),
	('nunc', 5, 'en', 'node_search', 2),
	('orci', 1, 'en', 'node_search', 1),
	('orci', 2, 'en', 'node_search', 1),
	('orci', 4, 'en', 'node_search', 1),
	('orci', 5, 'en', 'node_search', 1),
	('pellentesque', 1, 'en', 'node_search', 2),
	('pellentesque', 2, 'en', 'node_search', 1),
	('pellentesque', 3, 'en', 'node_search', 1),
	('pellentesque', 4, 'en', 'node_search', 2),
	('pellentesque', 5, 'en', 'node_search', 2),
	('pharetra', 1, 'en', 'node_search', 2),
	('pharetra', 2, 'en', 'node_search', 2),
	('pharetra', 4, 'en', 'node_search', 2),
	('pharetra', 5, 'en', 'node_search', 2),
	('porta', 1, 'en', 'node_search', 1),
	('porta', 3, 'en', 'node_search', 1),
	('porta', 4, 'en', 'node_search', 1),
	('porta', 5, 'en', 'node_search', 1),
	('posuere', 1, 'en', 'node_search', 1),
	('posuere', 2, 'en', 'node_search', 1),
	('posuere', 4, 'en', 'node_search', 1),
	('posuere', 5, 'en', 'node_search', 1),
	('praesent', 1, 'en', 'node_search', 1),
	('praesent', 2, 'en', 'node_search', 1),
	('praesent', 4, 'en', 'node_search', 1),
	('praesent', 5, 'en', 'node_search', 1),
	('pulvinar', 1, 'en', 'node_search', 1),
	('pulvinar', 2, 'en', 'node_search', 1),
	('pulvinar', 4, 'en', 'node_search', 1),
	('pulvinar', 5, 'en', 'node_search', 1),
	('purus', 1, 'en', 'node_search', 1),
	('purus', 3, 'en', 'node_search', 1),
	('purus', 4, 'en', 'node_search', 1),
	('purus', 5, 'en', 'node_search', 1),
	('quam', 1, 'en', 'node_search', 1),
	('quam', 2, 'en', 'node_search', 1),
	('quam', 4, 'en', 'node_search', 1),
	('quam', 5, 'en', 'node_search', 1),
	('quis', 1, 'en', 'node_search', 1),
	('quis', 3, 'en', 'node_search', 1),
	('quis', 4, 'en', 'node_search', 1),
	('quis', 5, 'en', 'node_search', 1),
	('rhoncus', 1, 'en', 'node_search', 1),
	('rhoncus', 2, 'en', 'node_search', 1),
	('rhoncus', 4, 'en', 'node_search', 1),
	('rhoncus', 5, 'en', 'node_search', 1),
	('risus', 1, 'en', 'node_search', 1),
	('risus', 3, 'en', 'node_search', 1),
	('risus', 4, 'en', 'node_search', 1),
	('risus', 5, 'en', 'node_search', 1),
	('sapien', 1, 'en', 'node_search', 1),
	('sapien', 2, 'en', 'node_search', 1),
	('sapien', 4, 'en', 'node_search', 1),
	('sapien', 5, 'en', 'node_search', 1),
	('sed', 1, 'en', 'node_search', 5),
	('sed', 2, 'en', 'node_search', 2),
	('sed', 3, 'en', 'node_search', 3),
	('sed', 4, 'en', 'node_search', 5),
	('sed', 5, 'en', 'node_search', 5),
	('semper', 1, 'en', 'node_search', 1),
	('semper', 3, 'en', 'node_search', 1),
	('semper', 4, 'en', 'node_search', 1),
	('semper', 5, 'en', 'node_search', 1),
	('sit', 1, 'en', 'node_search', 1),
	('sit', 3, 'en', 'node_search', 1),
	('sit', 4, 'en', 'node_search', 1),
	('sit', 5, 'en', 'node_search', 1),
	('suscipit', 1, 'en', 'node_search', 1),
	('suscipit', 2, 'en', 'node_search', 1),
	('suscipit', 4, 'en', 'node_search', 1),
	('suscipit', 5, 'en', 'node_search', 1),
	('suspendisse', 1, 'en', 'node_search', 2),
	('suspendisse', 2, 'en', 'node_search', 2),
	('suspendisse', 4, 'en', 'node_search', 2),
	('suspendisse', 5, 'en', 'node_search', 2),
	('tellus', 1, 'en', 'node_search', 1),
	('tellus', 2, 'en', 'node_search', 1),
	('tellus', 4, 'en', 'node_search', 1),
	('tellus', 5, 'en', 'node_search', 1),
	('tempor', 1, 'en', 'node_search', 1),
	('tempor', 2, 'en', 'node_search', 1),
	('tempor', 4, 'en', 'node_search', 1),
	('tempor', 5, 'en', 'node_search', 1),
	('tincidunt', 1, 'en', 'node_search', 1),
	('tincidunt', 2, 'en', 'node_search', 1),
	('tincidunt', 4, 'en', 'node_search', 1),
	('tincidunt', 5, 'en', 'node_search', 1),
	('tue', 1, 'en', 'node_search', 1),
	('tue', 2, 'en', 'node_search', 1),
	('tue', 3, 'en', 'node_search', 1),
	('tue', 4, 'en', 'node_search', 1),
	('tue', 5, 'en', 'node_search', 1),
	('turpis', 1, 'en', 'node_search', 1),
	('turpis', 2, 'en', 'node_search', 1),
	('turpis', 4, 'en', 'node_search', 1),
	('turpis', 5, 'en', 'node_search', 1),
	('urna', 1, 'en', 'node_search', 1),
	('urna', 2, 'en', 'node_search', 1),
	('urna', 4, 'en', 'node_search', 1),
	('urna', 5, 'en', 'node_search', 1),
	('vehicula', 1, 'en', 'node_search', 1),
	('vehicula', 2, 'en', 'node_search', 1),
	('vehicula', 4, 'en', 'node_search', 1),
	('vehicula', 5, 'en', 'node_search', 1),
	('vel', 1, 'en', 'node_search', 3),
	('vel', 2, 'en', 'node_search', 2),
	('vel', 3, 'en', 'node_search', 1),
	('vel', 4, 'en', 'node_search', 3),
	('vel', 5, 'en', 'node_search', 3),
	('velit', 1, 'en', 'node_search', 1),
	('velit', 3, 'en', 'node_search', 1),
	('velit', 4, 'en', 'node_search', 1),
	('velit', 5, 'en', 'node_search', 1),
	('vestibulum', 1, 'en', 'node_search', 1),
	('vestibulum', 3, 'en', 'node_search', 1),
	('vestibulum', 4, 'en', 'node_search', 1),
	('vestibulum', 5, 'en', 'node_search', 1),
	('vitae', 1, 'en', 'node_search', 2),
	('vitae', 2, 'en', 'node_search', 1),
	('vitae', 3, 'en', 'node_search', 1),
	('vitae', 4, 'en', 'node_search', 2),
	('vitae', 5, 'en', 'node_search', 2),
	('viverra', 1, 'en', 'node_search', 2),
	('viverra', 2, 'en', 'node_search', 2),
	('viverra', 4, 'en', 'node_search', 2),
	('viverra', 5, 'en', 'node_search', 2),
	('volutpat', 1, 'en', 'node_search', 1),
	('volutpat', 2, 'en', 'node_search', 1),
	('volutpat', 4, 'en', 'node_search', 1),
	('volutpat', 5, 'en', 'node_search', 1),
	('vulputate', 1, 'en', 'node_search', 2),
	('vulputate', 2, 'en', 'node_search', 1),
	('vulputate', 3, 'en', 'node_search', 1),
	('vulputate', 4, 'en', 'node_search', 2),
	('vulputate', 5, 'en', 'node_search', 2);

-- Dumping structure for table drupal10.search_total
CREATE TABLE IF NOT EXISTS `search_total` (
  `word` varchar(50) NOT NULL DEFAULT '' COMMENT 'Primary Key: Unique word in the search index.',
  `count` float DEFAULT NULL COMMENT 'The count of the word in the index using Zipf''s law to equalize the probability distribution.',
  PRIMARY KEY (`word`)
) ENGINE=InnoDB DEFAULT CHARSET=utf8mb4 COLLATE=utf8mb4_general_ci COMMENT='Stores search totals for words.';

-- Dumping data for table drupal10.search_total: ~102 rows (approximately)
INSERT INTO `search_total` (`word`, `count`) VALUES
	('1', 0.0157943),
	('1608', 0.0791812),
	('2', 0.0157943),
	('3', 0.0157943),
	('4', 0.0157943),
	('5', 0.0157943),
	('5022023', 0.0791812),
	('adipiscing', 0.09691),
	('admin', 0.0791812),
	('aliquam', 0.0347621),
	('aliquet', 0.09691),
	('amet', 0.09691),
	('ante', 0.09691),
	('arcu', 0.0347621),
	('article', 0.00320514),
	('auctor', 0.0511525),
	('augue', 0.09691),
	('condimentum', 0.0511525),
	('congue', 0.0511525),
	('consectetur', 0.0263289),
	('consequat', 0.09691),
	('convallis', 0.09691),
	('cras', 0.0347621),
	('curabitur', 0.0511525),
	('cursus', 0.0511525),
	('diam', 0.0347621),
	('dictum', 0.09691),
	('dolor', 0.0511525),
	('donec', 0.09691),
	('dui', 0.09691),
	('efficitur', 0.09691),
	('egestas', 0.0511525),
	('eget', 0.0347621),
	('elit', 0.0511525),
	('enim', 0.0347621),
	('erat', 0.0263289),
	('eros', 0.09691),
	('est', 0.0511525),
	('euismod', 0.0347621),
	('facilisis', 0.09691),
	('felis', 0.09691),
	('fermentum', 0.09691),
	('fusce', 0.09691),
	('gravida', 0.0511525),
	('integer', 0.09691),
	('interdum', 0.0511525),
	('ipsum', 0.0511525),
	('lacinia', 0.09691),
	('lectus', 0.09691),
	('libero', 0.09691),
	('ligula', 0.0511525),
	('lorem', 0.0263289),
	('luctus', 0.0511525),
	('maecenas', 0.09691),
	('magna', 0.0511525),
	('malesuada', 0.0263289),
	('massa', 0.0511525),
	('mattis', 0.0511525),
	('mauris', 0.09691),
	('maximus', 0.0511525),
	('molestie', 0.09691),
	('mollis', 0.09691),
	('nam', 0.0511525),
	('nec', 0.09691),
	('neque', 0.0511525),
	('nibh', 0.0511525),
	('nisi', 0.0347621),
	('non', 0.0347621),
	('nulla', 0.0511525),
	('nunc', 0.0511525),
	('orci', 0.09691),
	('pellentesque', 0.0511525),
	('pharetra', 0.0511525),
	('porta', 0.09691),
	('posuere', 0.09691),
	('praesent', 0.09691),
	('pulvinar', 0.09691),
	('purus', 0.09691),
	('quam', 0.09691),
	('quis', 0.09691),
	('rhoncus', 0.09691),
	('risus', 0.09691),
	('sapien', 0.09691),
	('sed', 0.0211893),
	('semper', 0.09691),
	('sit', 0.09691),
	('suscipit', 0.09691),
	('suspendisse', 0.0511525),
	('tellus', 0.09691),
	('tempor', 0.09691),
	('tincidunt', 0.09691),
	('tue', 0.0791812),
	('turpis', 0.09691),
	('urna', 0.09691),
	('vehicula', 0.09691),
	('vel', 0.0347621),
	('velit', 0.09691),
	('vestibulum', 0.09691),
	('vitae', 0.0511525),
	('viverra', 0.0511525),
	('volutpat', 0.09691),
	('vulputate', 0.0511525);

-- Dumping structure for table drupal10.semaphore
CREATE TABLE IF NOT EXISTS `semaphore` (
  `name` varchar(255) CHARACTER SET ascii COLLATE ascii_general_ci NOT NULL DEFAULT '' COMMENT 'Primary Key: Unique name.',
  `value` varchar(255) CHARACTER SET ascii COLLATE ascii_general_ci NOT NULL DEFAULT '' COMMENT 'A value for the semaphore.',
  `expire` double NOT NULL COMMENT 'A Unix timestamp with microseconds indicating when the semaphore should expire.',
  PRIMARY KEY (`name`),
  KEY `value` (`value`),
  KEY `expire` (`expire`)
) ENGINE=InnoDB DEFAULT CHARSET=utf8mb4 COLLATE=utf8mb4_general_ci COMMENT='Table for holding semaphores, locks, flags, etc. that…';

-- Dumping data for table drupal10.semaphore: ~0 rows (approximately)

-- Dumping structure for table drupal10.sequences
CREATE TABLE IF NOT EXISTS `sequences` (
  `value` int(10) unsigned NOT NULL AUTO_INCREMENT COMMENT 'The value of the sequence.',
  PRIMARY KEY (`value`)
) ENGINE=InnoDB AUTO_INCREMENT=2 DEFAULT CHARSET=utf8mb4 COLLATE=utf8mb4_general_ci COMMENT='Stores IDs.';

-- Dumping data for table drupal10.sequences: ~0 rows (approximately)
INSERT INTO `sequences` (`value`) VALUES
	(1);

-- Dumping structure for table drupal10.sessions
CREATE TABLE IF NOT EXISTS `sessions` (
  `uid` int(10) unsigned NOT NULL COMMENT 'The "users".uid corresponding to a session, or 0 for anonymous user.',
  `sid` varchar(128) CHARACTER SET ascii COLLATE ascii_general_ci NOT NULL COMMENT 'A session ID (hashed). The value is generated by Drupal''s session handlers.',
  `hostname` varchar(128) CHARACTER SET ascii COLLATE ascii_general_ci NOT NULL DEFAULT '' COMMENT 'The IP address that last used this session ID (sid).',
  `timestamp` int(11) NOT NULL DEFAULT 0 COMMENT 'The Unix timestamp when this session last requested a page. Old records are purged by PHP automatically.',
  `session` longblob DEFAULT NULL COMMENT 'The serialized contents of the user''s session, an array of name/value pairs that persists across page requests by this session ID. Drupal loads the user''s session from here at the start of each request and saves it at the end.',
  PRIMARY KEY (`sid`),
  KEY `timestamp` (`timestamp`),
  KEY `uid` (`uid`)
) ENGINE=InnoDB DEFAULT CHARSET=utf8mb4 COLLATE=utf8mb4_general_ci COMMENT='Drupal''s session handlers read and write into the sessions…';

-- Dumping data for table drupal10.sessions: ~3 rows (approximately)
INSERT INTO `sessions` (`uid`, `sid`, `hostname`, `timestamp`, `session`) VALUES
	(2, '8GUFXj6VAUZzanbNBzWvZeRf_wJdrxOjJgDf_8Zoga8', '10.0.2.2', 1697047268, _binary 0x[encoded data, 39030 characters]),
	(1, 'OUH4IKGZ2Bbd2x4Rhg1XyPtJc5brKxDbKbf_EXC4K9g', '10.0.2.2', 1696867816, _binary 0x[encoded data, 8262 characters]),
	(2, 'wzkllpOgWlRcJxHvR1ebKd-mgwVZPhECh9gbAwmWztU', '10.0.2.2', 1697048039, _binary 0x5f7366325f617474726962757465737c613a313a7b733a333a22756964223b733a313a2232223b7d5f7366325f6d6574617c613a343a7b733a313a2275223b693a313639373034383033393b733a313a2263223b693a313639373034373631313b733a313a226c223b693a323030303030303b733a313a2273223b733a34333a22524e6f6f564867396f76555562384b7135716b4a6a635f484934747967464f7a6b6c765a30736b6d392d67223b7d),
	(2, 'xB4m5mWQKn6nF7KZ00Fi9qz8vLXH-DWS9CLMfFwu_fA', '10.0.2.2', 1697052431, _binary 0x5f7366325f617474726962757465737c613a313a7b733a333a22756964223b733a313a2232223b7d5f7366325f6d6574617c613a343a7b733a313a2275223b693a313639373035323433313b733a313a2263223b693a313639373035323035313b733a313a226c223b693a323030303030303b733a313a2273223b733a34333a2239783070616559357863724d30356e6977745253704c56523858734442636552704d744b565a477a76686b223b7d);

-- Dumping structure for table drupal10.shortcut
CREATE TABLE IF NOT EXISTS `shortcut` (
  `id` int(10) unsigned NOT NULL AUTO_INCREMENT,
  `shortcut_set` varchar(32) CHARACTER SET ascii COLLATE ascii_general_ci NOT NULL COMMENT 'The ID of the target entity.',
  `uuid` varchar(128) CHARACTER SET ascii COLLATE ascii_general_ci NOT NULL,
  `langcode` varchar(12) CHARACTER SET ascii COLLATE ascii_general_ci NOT NULL,
  PRIMARY KEY (`id`),
  UNIQUE KEY `shortcut_field__uuid__value` (`uuid`),
  KEY `shortcut_field__shortcut_set__target_id` (`shortcut_set`)
) ENGINE=InnoDB AUTO_INCREMENT=12 DEFAULT CHARSET=utf8mb4 COLLATE=utf8mb4_general_ci COMMENT='The base table for shortcut entities.';

-- Dumping data for table drupal10.shortcut: ~2 rows (approximately)
INSERT INTO `shortcut` (`id`, `shortcut_set`, `uuid`, `langcode`) VALUES
	(10, 'default', '61d683cb-9230-42aa-b262-7b1677eefc5d', 'en'),
	(11, 'default', 'ad52ae44-6c0c-441f-a5b4-e9fd2d52e168', 'en');

-- Dumping structure for table drupal10.shortcut_field_data
CREATE TABLE IF NOT EXISTS `shortcut_field_data` (
  `id` int(10) unsigned NOT NULL,
  `shortcut_set` varchar(32) CHARACTER SET ascii COLLATE ascii_general_ci NOT NULL COMMENT 'The ID of the target entity.',
  `langcode` varchar(12) CHARACTER SET ascii COLLATE ascii_general_ci NOT NULL,
  `title` varchar(255) DEFAULT NULL,
  `weight` int(11) DEFAULT NULL,
  `link__uri` varchar(2048) DEFAULT NULL COMMENT 'The URI of the link.',
  `link__title` varchar(255) DEFAULT NULL COMMENT 'The link text.',
  `link__options` longblob DEFAULT NULL COMMENT 'Serialized array of options for the link.',
  `default_langcode` tinyint(4) NOT NULL,
  PRIMARY KEY (`id`,`langcode`),
  KEY `shortcut__id__default_langcode__langcode` (`id`,`default_langcode`,`langcode`),
  KEY `shortcut_field__shortcut_set__target_id` (`shortcut_set`),
  KEY `shortcut_field__link__uri` (`link__uri`(30))
) ENGINE=InnoDB DEFAULT CHARSET=utf8mb4 COLLATE=utf8mb4_general_ci COMMENT='The data table for shortcut entities.';

-- Dumping data for table drupal10.shortcut_field_data: ~2 rows (approximately)
INSERT INTO `shortcut_field_data` (`id`, `shortcut_set`, `langcode`, `title`, `weight`, `link__uri`, `link__title`, `link__options`, `default_langcode`) VALUES
	(10, 'default', 'en', 'Simple Database Migrations', NULL, 'internal:/admin/migrations', NULL, _binary 0x613a303a7b7d, 1),
	(11, 'default', 'en', 'Performance', NULL, 'internal:/admin/config/development/performance', NULL, _binary 0x613a303a7b7d, 1);

-- Dumping structure for table drupal10.shortcut_set_users
CREATE TABLE IF NOT EXISTS `shortcut_set_users` (
  `uid` int(10) unsigned NOT NULL DEFAULT 0 COMMENT 'The "users".uid for this set.',
  `set_name` varchar(32) CHARACTER SET ascii COLLATE ascii_general_ci NOT NULL DEFAULT '' COMMENT 'The "shortcut_set".set_name that will be displayed for this user.',
  PRIMARY KEY (`uid`),
  KEY `set_name` (`set_name`)
) ENGINE=InnoDB DEFAULT CHARSET=utf8mb4 COLLATE=utf8mb4_general_ci COMMENT='Maps users to shortcut sets.';

-- Dumping data for table drupal10.shortcut_set_users: ~0 rows (approximately)

-- Dumping structure for table drupal10.taxonomy_index
CREATE TABLE IF NOT EXISTS `taxonomy_index` (
  `nid` int(10) unsigned NOT NULL DEFAULT 0 COMMENT 'The "node".nid this record tracks.',
  `tid` int(10) unsigned NOT NULL DEFAULT 0 COMMENT 'The term ID.',
  `status` int(11) NOT NULL DEFAULT 1 COMMENT 'Boolean indicating whether the node is published (visible to non-administrators).',
  `sticky` tinyint(4) DEFAULT 0 COMMENT 'Boolean indicating whether the node is sticky.',
  `created` int(11) NOT NULL DEFAULT 0 COMMENT 'The Unix timestamp when the node was created.',
  PRIMARY KEY (`nid`,`tid`),
  KEY `term_node` (`tid`,`status`,`sticky`,`created`)
) ENGINE=InnoDB DEFAULT CHARSET=utf8mb4 COLLATE=utf8mb4_general_ci COMMENT='Maintains denormalized information about node/term…';

-- Dumping data for table drupal10.taxonomy_index: ~0 rows (approximately)

-- Dumping structure for table drupal10.taxonomy_term_data
CREATE TABLE IF NOT EXISTS `taxonomy_term_data` (
  `tid` int(10) unsigned NOT NULL AUTO_INCREMENT,
  `revision_id` int(10) unsigned DEFAULT NULL,
  `vid` varchar(32) CHARACTER SET ascii COLLATE ascii_general_ci NOT NULL COMMENT 'The ID of the target entity.',
  `uuid` varchar(128) CHARACTER SET ascii COLLATE ascii_general_ci NOT NULL,
  `langcode` varchar(12) CHARACTER SET ascii COLLATE ascii_general_ci NOT NULL,
  PRIMARY KEY (`tid`),
  UNIQUE KEY `taxonomy_term_field__uuid__value` (`uuid`),
  UNIQUE KEY `taxonomy_term__revision_id` (`revision_id`),
  KEY `taxonomy_term_field__vid__target_id` (`vid`)
) ENGINE=InnoDB DEFAULT CHARSET=utf8mb4 COLLATE=utf8mb4_general_ci COMMENT='The base table for taxonomy_term entities.';

-- Dumping data for table drupal10.taxonomy_term_data: ~0 rows (approximately)

-- Dumping structure for table drupal10.taxonomy_term_field_data
CREATE TABLE IF NOT EXISTS `taxonomy_term_field_data` (
  `tid` int(10) unsigned NOT NULL,
  `revision_id` int(10) unsigned NOT NULL,
  `vid` varchar(32) CHARACTER SET ascii COLLATE ascii_general_ci NOT NULL COMMENT 'The ID of the target entity.',
  `langcode` varchar(12) CHARACTER SET ascii COLLATE ascii_general_ci NOT NULL,
  `status` tinyint(4) NOT NULL,
  `name` varchar(255) NOT NULL,
  `description__value` longtext DEFAULT NULL,
  `description__format` varchar(255) CHARACTER SET ascii COLLATE ascii_general_ci DEFAULT NULL,
  `weight` int(11) NOT NULL,
  `changed` int(11) DEFAULT NULL,
  `default_langcode` tinyint(4) NOT NULL,
  `revision_translation_affected` tinyint(4) DEFAULT NULL,
  PRIMARY KEY (`tid`,`langcode`),
  KEY `taxonomy_term__id__default_langcode__langcode` (`tid`,`default_langcode`,`langcode`),
  KEY `taxonomy_term__revision_id` (`revision_id`),
  KEY `taxonomy_term_field__name` (`name`(191)),
  KEY `taxonomy_term__status_vid` (`status`,`vid`,`tid`),
  KEY `taxonomy_term__tree` (`vid`,`weight`,`name`(191)),
  KEY `taxonomy_term__vid_name` (`vid`,`name`(191))
) ENGINE=InnoDB DEFAULT CHARSET=utf8mb4 COLLATE=utf8mb4_general_ci COMMENT='The data table for taxonomy_term entities.';

-- Dumping data for table drupal10.taxonomy_term_field_data: ~0 rows (approximately)

-- Dumping structure for table drupal10.taxonomy_term_field_revision
CREATE TABLE IF NOT EXISTS `taxonomy_term_field_revision` (
  `tid` int(10) unsigned NOT NULL,
  `revision_id` int(10) unsigned NOT NULL,
  `langcode` varchar(12) CHARACTER SET ascii COLLATE ascii_general_ci NOT NULL,
  `status` tinyint(4) NOT NULL,
  `name` varchar(255) DEFAULT NULL,
  `description__value` longtext DEFAULT NULL,
  `description__format` varchar(255) CHARACTER SET ascii COLLATE ascii_general_ci DEFAULT NULL,
  `changed` int(11) DEFAULT NULL,
  `default_langcode` tinyint(4) NOT NULL,
  `revision_translation_affected` tinyint(4) DEFAULT NULL,
  PRIMARY KEY (`revision_id`,`langcode`),
  KEY `taxonomy_term__id__default_langcode__langcode` (`tid`,`default_langcode`,`langcode`),
  KEY `taxonomy_term_field__description__format` (`description__format`)
) ENGINE=InnoDB DEFAULT CHARSET=utf8mb4 COLLATE=utf8mb4_general_ci COMMENT='The revision data table for taxonomy_term entities.';

-- Dumping data for table drupal10.taxonomy_term_field_revision: ~0 rows (approximately)

-- Dumping structure for table drupal10.taxonomy_term_revision
CREATE TABLE IF NOT EXISTS `taxonomy_term_revision` (
  `tid` int(10) unsigned NOT NULL,
  `revision_id` int(10) unsigned NOT NULL AUTO_INCREMENT,
  `langcode` varchar(12) CHARACTER SET ascii COLLATE ascii_general_ci NOT NULL,
  `revision_user` int(10) unsigned DEFAULT NULL COMMENT 'The ID of the target entity.',
  `revision_created` int(11) DEFAULT NULL,
  `revision_log_message` longtext DEFAULT NULL,
  `revision_default` tinyint(4) DEFAULT NULL,
  PRIMARY KEY (`revision_id`),
  KEY `taxonomy_term__tid` (`tid`),
  KEY `taxonomy_term_field__revision_user__target_id` (`revision_user`)
) ENGINE=InnoDB DEFAULT CHARSET=utf8mb4 COLLATE=utf8mb4_general_ci COMMENT='The revision table for taxonomy_term entities.';

-- Dumping data for table drupal10.taxonomy_term_revision: ~0 rows (approximately)

-- Dumping structure for table drupal10.taxonomy_term_revision__parent
CREATE TABLE IF NOT EXISTS `taxonomy_term_revision__parent` (
  `bundle` varchar(128) CHARACTER SET ascii COLLATE ascii_general_ci NOT NULL DEFAULT '' COMMENT 'The field instance bundle to which this row belongs, used when deleting a field instance',
  `deleted` tinyint(4) NOT NULL DEFAULT 0 COMMENT 'A boolean indicating whether this data item has been deleted',
  `entity_id` int(10) unsigned NOT NULL COMMENT 'The entity id this data is attached to',
  `revision_id` int(10) unsigned NOT NULL COMMENT 'The entity revision id this data is attached to',
  `langcode` varchar(32) CHARACTER SET ascii COLLATE ascii_general_ci NOT NULL DEFAULT '' COMMENT 'The language code for this data item.',
  `delta` int(10) unsigned NOT NULL COMMENT 'The sequence number for this data item, used for multi-value fields',
  `parent_target_id` int(10) unsigned NOT NULL COMMENT 'The ID of the target entity.',
  PRIMARY KEY (`entity_id`,`revision_id`,`deleted`,`delta`,`langcode`),
  KEY `bundle` (`bundle`),
  KEY `revision_id` (`revision_id`),
  KEY `parent_target_id` (`parent_target_id`)
) ENGINE=InnoDB DEFAULT CHARSET=utf8mb4 COLLATE=utf8mb4_general_ci COMMENT='Revision archive storage for taxonomy_term field parent.';

-- Dumping data for table drupal10.taxonomy_term_revision__parent: ~0 rows (approximately)

-- Dumping structure for table drupal10.taxonomy_term__parent
CREATE TABLE IF NOT EXISTS `taxonomy_term__parent` (
  `bundle` varchar(128) CHARACTER SET ascii COLLATE ascii_general_ci NOT NULL DEFAULT '' COMMENT 'The field instance bundle to which this row belongs, used when deleting a field instance',
  `deleted` tinyint(4) NOT NULL DEFAULT 0 COMMENT 'A boolean indicating whether this data item has been deleted',
  `entity_id` int(10) unsigned NOT NULL COMMENT 'The entity id this data is attached to',
  `revision_id` int(10) unsigned NOT NULL COMMENT 'The entity revision id this data is attached to',
  `langcode` varchar(32) CHARACTER SET ascii COLLATE ascii_general_ci NOT NULL DEFAULT '' COMMENT 'The language code for this data item.',
  `delta` int(10) unsigned NOT NULL COMMENT 'The sequence number for this data item, used for multi-value fields',
  `parent_target_id` int(10) unsigned NOT NULL COMMENT 'The ID of the target entity.',
  PRIMARY KEY (`entity_id`,`deleted`,`delta`,`langcode`),
  KEY `revision_id` (`revision_id`),
  KEY `parent_target_id` (`parent_target_id`),
  KEY `bundle_delta_target_id` (`bundle`,`delta`,`parent_target_id`)
) ENGINE=InnoDB DEFAULT CHARSET=utf8mb4 COLLATE=utf8mb4_general_ci COMMENT='Data storage for taxonomy_term field parent.';

-- Dumping data for table drupal10.taxonomy_term__parent: ~0 rows (approximately)

-- Dumping structure for table drupal10.users
CREATE TABLE IF NOT EXISTS `users` (
  `uid` int(10) unsigned NOT NULL AUTO_INCREMENT,
  `uuid` varchar(128) CHARACTER SET ascii COLLATE ascii_general_ci NOT NULL,
  `langcode` varchar(12) CHARACTER SET ascii COLLATE ascii_general_ci NOT NULL,
  PRIMARY KEY (`uid`),
  UNIQUE KEY `user_field__uuid__value` (`uuid`)
) ENGINE=InnoDB AUTO_INCREMENT=17 DEFAULT CHARSET=utf8mb4 COLLATE=utf8mb4_general_ci COMMENT='The base table for user entities.';

-- Dumping data for table drupal10.users: ~10 rows (approximately)
INSERT INTO `users` (`uid`, `uuid`, `langcode`) VALUES
	(0, '912c135a-fbd5-4cef-b7a9-257b158d24c0', 'en'),
	(1, '64e85cc3-91c0-4954-9165-c94af78b639c', 'en'),
	(2, '82c391ed-3861-4134-8c7c-dc4cfd60e807', 'en'),
	(3, 'a7b6d654-a4c9-4495-b4c2-8eb8a49bd333', 'en'),
	(4, '20699b23-f604-4cb1-8f45-ed4ae7ec951b', 'en'),
	(7, '59ea0407-8cd9-4f8c-8956-a974f3efdeea', 'en'),
	(8, '6a617a44-dce8-4bab-ad12-da7b6677f844', 'en'),
	(9, 'bfb2695a-ba20-4866-809c-05254ad2da96', 'en'),
	(12, '85abf38b-6f58-4238-99d0-06aac9a552b2', 'en'),
	(13, '7f5ad6e5-2a23-49fb-9080-7be4f824d0a7', 'en'),
	(14, 'ed646aa9-b724-48a7-8af5-c2f9d275c839', 'en'),
	(15, 'e2d96b08-1728-4833-84a6-59b0929f8469', 'en'),
	(16, 'b962b0ed-f79b-478d-811e-f12959202211', 'en');

-- Dumping structure for table drupal10.users_data
CREATE TABLE IF NOT EXISTS `users_data` (
  `uid` int(10) unsigned NOT NULL DEFAULT 0 COMMENT 'The "users".uid this record affects.',
  `module` varchar(50) CHARACTER SET ascii COLLATE ascii_general_ci NOT NULL DEFAULT '' COMMENT 'The name of the module declaring the variable.',
  `name` varchar(128) CHARACTER SET ascii COLLATE ascii_general_ci NOT NULL DEFAULT '' COMMENT 'The identifier of the data.',
  `value` longblob DEFAULT NULL COMMENT 'The value.',
  `serialized` tinyint(3) unsigned DEFAULT 0 COMMENT 'Whether value is serialized.',
  PRIMARY KEY (`uid`,`module`,`name`),
  KEY `module` (`module`),
  KEY `name` (`name`)
) ENGINE=InnoDB DEFAULT CHARSET=utf8mb4 COLLATE=utf8mb4_general_ci COMMENT='Stores module data as key/value pairs per user.';

-- Dumping data for table drupal10.users_data: ~4 rows (approximately)
INSERT INTO `users_data` (`uid`, `module`, `name`, `value`, `serialized`) VALUES
	(2, 'contact', 'enabled', _binary 0x30, 0),
	(3, 'contact', 'enabled', _binary 0x31, 0),
	(4, 'contact', 'enabled', _binary 0x31, 0),
	(7, 'contact', 'enabled', _binary 0x31, 0),
	(13, 'contact', 'enabled', _binary 0x31, 0);

-- Dumping structure for table drupal10.users_field_data
CREATE TABLE IF NOT EXISTS `users_field_data` (
  `uid` int(10) unsigned NOT NULL,
  `langcode` varchar(12) CHARACTER SET ascii COLLATE ascii_general_ci NOT NULL,
  `preferred_langcode` varchar(12) CHARACTER SET ascii COLLATE ascii_general_ci DEFAULT NULL,
  `preferred_admin_langcode` varchar(12) CHARACTER SET ascii COLLATE ascii_general_ci DEFAULT NULL,
  `name` varchar(60) NOT NULL,
  `pass` varchar(255) DEFAULT NULL,
  `mail` varchar(254) DEFAULT NULL,
  `timezone` varchar(32) DEFAULT NULL,
  `status` tinyint(4) DEFAULT NULL,
  `created` int(11) NOT NULL,
  `changed` int(11) DEFAULT NULL,
  `access` int(11) NOT NULL,
  `login` int(11) DEFAULT NULL,
  `init` varchar(254) DEFAULT NULL,
  `default_langcode` tinyint(4) NOT NULL,
  PRIMARY KEY (`uid`,`langcode`),
  UNIQUE KEY `user__name` (`name`,`langcode`),
  KEY `user__id__default_langcode__langcode` (`uid`,`default_langcode`,`langcode`),
  KEY `user_field__mail` (`mail`(191)),
  KEY `user_field__created` (`created`),
  KEY `user_field__access` (`access`)
) ENGINE=InnoDB DEFAULT CHARSET=utf8mb4 COLLATE=utf8mb4_general_ci COMMENT='The data table for user entities.';

-- Dumping data for table drupal10.users_field_data: ~11 rows (approximately)
INSERT INTO `users_field_data` (`uid`, `langcode`, `preferred_langcode`, `preferred_admin_langcode`, `name`, `pass`, `mail`, `timezone`, `status`, `created`, `changed`, `access`, `login`, `init`, `default_langcode`) VALUES
	(0, 'en', 'en', NULL, '', NULL, NULL, '', 0, 1682969036, 1682969036, 0, 0, NULL, 1),
	(1, 'en', 'en', NULL, 'admin', '$S$EVlMqczHKf.ej6ANDCMRh0iUkXqH9svAUtRdjDIqdppS9/I.jjV/', 'travisj@cidesinginc.com', 'America/Chicago', 1, 1682969036, 1682969297, 1696867816, 1696780472, 'travisj@cidesinginc.com', 1),
	(2, 'en', 'en', 'en', 'salesrep', '$S$EaUl19vZaR0.XyhxFsUJSP0Rqh4Hmtdy19yFZUcbzCVKe9FLRmWG', 'travis+sr@cidesininc.com', 'America/Chicago', 1, 1688761544, 1688761544, 1697052431, 1697052051, 'travis+sr@cidesininc.com', 1),
	(3, 'en', 'en', 'en', 'culligan_admin', '$S$ELyP7ayRaSt06sR.zvkpfrCiz0F9D8IYTj5vyhhHY.v8xdSJbmLd', 'travis+cua@cidesigninc.com', 'America/Chicago', 1, 1689622657, 1689622657, 1696886933, 1696868161, 'travis+cua@cidesigninc.com', 1),
	(4, 'en', 'en', 'en', 'location_admin', '$S$EYOCLRf0v9cW9IaQhKrbdN4vT/ND9Z2cftMqhGyYzj/27FPTk/88', 'travis+location@cidesigninc.com', 'America/Chicago', 1, 1689623042, 1689623042, 1694015938, 1694015688, 'travis+location@cidesigninc.com', 1),
	(7, 'en', 'en', 'en', 'company_admin', '$S$ExnTynIzgt390Q5T10L/JOvXO66pcUxBNgc6l9llGS8EH4MqAoFB', 'company_admin@cidesigninc.com', 'America/Chicago', 1, 1690231109, 1690231109, 1697051901, 1697051901, 'company_admin@cidesigninc.com', 1),
	(8, 'en', 'en', 'en', 'carl.condor@example.com', '$S$EmabnIpHSfAXImB8ML9L5eo0ZgRku2gHLq0fByls8N.WkJWhCPhE', 'carl.condor@example.com', 'America/Chicago', 1, 1691524347, 1691524347, 0, 0, NULL, 1),
	(9, 'en', 'en', 'en', 'traviskjansen@gmail.com', '$S$EZqboC3kg0/3XkNX4diETqMb7W0p.684hJ8JauFBRCsCiD4Xz75x', 'traviskjansen@gmail.com', 'America/Chicago', 1, 1694638459, 1694638459, 0, 0, NULL, 1),
	(12, 'en', 'en', 'en', 'jane@example.com', '$S$EEXp1eXY3wPcDf65TpYrGN8oFMZOFQU2B.tBlmTE66kuKfd0PMzN', 'jane@example.com', 'America/Chicago', 1, 1694639272, 1694639272, 1694639296, 1694639296, NULL, 1),
	(13, 'en', 'en', 'en', 'salesrep2', '$S$EV8cZysAp8tAmWjZlvXrbsxYySQUjH6DKPvz1ZFQEMow6HaSjYjK', 'salesrep2@example.com', 'America/Chicago', 1, 1695648817, 1695648817, 1695917221, 1695825251, 'salesrep2@example.com', 1),
	(14, 'en', 'en', 'en', 'traviskjansen+test1@gmail.com', '$S$EOm7Mw1DugziBcsoHCOEdxWWMqqIW2ipeX1tKyjocOIOX2hC2rJd', 'traviskjansen+test1@gmail.com', 'America/Chicago', 1, 1696869253, 1696869253, 0, 0, NULL, 1),
	(15, 'en', 'en', 'en', 'traviskjansen+test2@gmail.com', '$S$EjVKP4FftDXNDS4EOOsDMFcKv9rzG/ZjgIGGMYgSr0Laq.hGFV5q', 'traviskjansen+test2@gmail.com', 'America/Chicago', 1, 1697047547, 1697047547, 1697047600, 1697047600, NULL, 1),
	(16, 'en', 'en', 'en', 'traviskjansen+test4@gmail.com', '$S$EYqkdNh41prD7TbZ73Y8WDzkWisrl/yN1qeO0kmmEuiQRBDIJj7Q', 'traviskjansen+test4@gmail.com', 'America/Chicago', 1, 1697051976, 1697051976, 0, 0, NULL, 1);

-- Dumping structure for table drupal10.user__roles
CREATE TABLE IF NOT EXISTS `user__roles` (
  `bundle` varchar(128) CHARACTER SET ascii COLLATE ascii_general_ci NOT NULL DEFAULT '' COMMENT 'The field instance bundle to which this row belongs, used when deleting a field instance',
  `deleted` tinyint(4) NOT NULL DEFAULT 0 COMMENT 'A boolean indicating whether this data item has been deleted',
  `entity_id` int(10) unsigned NOT NULL COMMENT 'The entity id this data is attached to',
  `revision_id` int(10) unsigned NOT NULL COMMENT 'The entity revision id this data is attached to, which for an unversioned entity type is the same as the entity id',
  `langcode` varchar(32) CHARACTER SET ascii COLLATE ascii_general_ci NOT NULL DEFAULT '' COMMENT 'The language code for this data item.',
  `delta` int(10) unsigned NOT NULL COMMENT 'The sequence number for this data item, used for multi-value fields',
  `roles_target_id` varchar(255) CHARACTER SET ascii COLLATE ascii_general_ci NOT NULL COMMENT 'The ID of the target entity.',
  PRIMARY KEY (`entity_id`,`deleted`,`delta`,`langcode`),
  KEY `bundle` (`bundle`),
  KEY `revision_id` (`revision_id`),
  KEY `roles_target_id` (`roles_target_id`)
) ENGINE=InnoDB DEFAULT CHARSET=utf8mb4 COLLATE=utf8mb4_general_ci COMMENT='Data storage for user field roles.';

-- Dumping data for table drupal10.user__roles: ~9 rows (approximately)
INSERT INTO `user__roles` (`bundle`, `deleted`, `entity_id`, `revision_id`, `langcode`, `delta`, `roles_target_id`) VALUES
	('user', 0, 1, 1, 'en', 0, 'administrator'),
	('user', 0, 2, 2, 'en', 0, 'sales_rep'),
	('user', 0, 3, 3, 'en', 0, 'culligan_admin'),
	('user', 0, 4, 4, 'en', 0, 'location_admin'),
	('user', 0, 7, 7, 'en', 0, 'company_admin'),
	('user', 0, 8, 8, 'en', 0, 'company_admin'),
	('user', 0, 9, 9, 'en', 0, 'company_admin'),
	('user', 0, 12, 12, 'en', 0, 'company_admin'),
	('user', 0, 13, 13, 'en', 0, 'sales_rep'),
	('user', 0, 14, 14, 'en', 0, 'company_admin'),
	('user', 0, 15, 15, 'en', 0, 'company_admin'),
	('user', 0, 16, 16, 'en', 0, 'company_admin');

-- Dumping structure for table drupal10.user__user_picture
CREATE TABLE IF NOT EXISTS `user__user_picture` (
  `bundle` varchar(128) CHARACTER SET ascii COLLATE ascii_general_ci NOT NULL DEFAULT '' COMMENT 'The field instance bundle to which this row belongs, used when deleting a field instance',
  `deleted` tinyint(4) NOT NULL DEFAULT 0 COMMENT 'A boolean indicating whether this data item has been deleted',
  `entity_id` int(10) unsigned NOT NULL COMMENT 'The entity id this data is attached to',
  `revision_id` int(10) unsigned NOT NULL COMMENT 'The entity revision id this data is attached to, which for an unversioned entity type is the same as the entity id',
  `langcode` varchar(32) CHARACTER SET ascii COLLATE ascii_general_ci NOT NULL DEFAULT '' COMMENT 'The language code for this data item.',
  `delta` int(10) unsigned NOT NULL COMMENT 'The sequence number for this data item, used for multi-value fields',
  `user_picture_target_id` int(10) unsigned NOT NULL COMMENT 'The ID of the file entity.',
  `user_picture_alt` varchar(512) DEFAULT NULL COMMENT 'Alternative image text, for the image''s ''alt'' attribute.',
  `user_picture_title` varchar(1024) DEFAULT NULL COMMENT 'Image title text, for the image''s ''title'' attribute.',
  `user_picture_width` int(10) unsigned DEFAULT NULL COMMENT 'The width of the image in pixels.',
  `user_picture_height` int(10) unsigned DEFAULT NULL COMMENT 'The height of the image in pixels.',
  PRIMARY KEY (`entity_id`,`deleted`,`delta`,`langcode`),
  KEY `bundle` (`bundle`),
  KEY `revision_id` (`revision_id`),
  KEY `user_picture_target_id` (`user_picture_target_id`)
) ENGINE=InnoDB DEFAULT CHARSET=utf8mb4 COLLATE=utf8mb4_general_ci COMMENT='Data storage for user field user_picture.';

-- Dumping data for table drupal10.user__user_picture: ~0 rows (approximately)

-- Dumping structure for table drupal10.watchdog
CREATE TABLE IF NOT EXISTS `watchdog` (
  `wid` int(11) NOT NULL AUTO_INCREMENT COMMENT 'Primary Key: Unique watchdog event ID.',
  `uid` int(10) unsigned NOT NULL DEFAULT 0 COMMENT 'The "users".uid of the user who triggered the event.',
  `type` varchar(64) CHARACTER SET ascii COLLATE ascii_general_ci NOT NULL DEFAULT '' COMMENT 'Type of log message, for example "user" or "page not found."',
  `message` longtext NOT NULL COMMENT 'Text of log message to be passed into the t() function.',
  `variables` longblob NOT NULL COMMENT 'Serialized array of variables that match the message string and that is passed into the t() function.',
  `severity` tinyint(3) unsigned NOT NULL DEFAULT 0 COMMENT 'The severity level of the event. ranges from 0 (Emergency) to 7 (Debug)',
  `link` text DEFAULT NULL COMMENT 'Link to view the result of the event.',
  `location` text NOT NULL COMMENT 'URL of the origin of the event.',
  `referer` text DEFAULT NULL COMMENT 'URL of referring page.',
  `hostname` varchar(128) CHARACTER SET ascii COLLATE ascii_general_ci NOT NULL DEFAULT '' COMMENT 'Hostname of the user who triggered the event.',
  `timestamp` int(11) NOT NULL DEFAULT 0 COMMENT 'Unix timestamp of when event occurred.',
  PRIMARY KEY (`wid`),
  KEY `type` (`type`),
  KEY `uid` (`uid`),
  KEY `severity` (`severity`)
) ENGINE=InnoDB AUTO_INCREMENT=17468 DEFAULT CHARSET=utf8mb4 COLLATE=utf8mb4_general_ci COMMENT='Table that contains logs of all system events.';

-- Dumping data for table drupal10.watchdog: ~1,186 rows (approximately)
INSERT INTO `watchdog` (`wid`, `uid`, `type`, `message`, `variables`, `severity`, `link`, `location`, `referer`, `hostname`, `timestamp`) VALUES
	(16455, 2, 'page not found', '@uri', _binary 0x613a313a7b733a343a2240757269223b733a32333a222f70726573656e746174696f6e2d74656d706c61746573223b7d, 4, '', 'http://localhost:8009/presentation-templates', '', '10.0.2.2', 1696442150),
	(16456, 2, 'page not found', '@uri', _binary 0x613a313a7b733a343a2240757269223b733a32333a222f70726573656e746174696f6e2d74656d706c61746573223b7d, 4, '', 'http://localhost:8009/presentation-templates', '', '10.0.2.2', 1696442177),
	(16457, 2, 'page not found', '@uri', _binary 0x613a313a7b733a343a2240757269223b733a32333a222f70726573656e746174696f6e2d74656d706c61746573223b7d, 4, '', 'http://localhost:8009/presentation-templates', '', '10.0.2.2', 1696442184),
	(16458, 2, 'page not found', '@uri', _binary 0x613a313a7b733a343a2240757269223b733a32333a222f70726573656e746174696f6e2d74656d706c61746573223b7d, 4, '', 'http://localhost:8009/presentation-templates', '', '10.0.2.2', 1696442197),
	(16459, 2, 'page not found', '@uri', _binary 0x613a313a7b733a343a2240757269223b733a32333a222f70726573656e746174696f6e2d74656d706c61746573223b7d, 4, '', 'http://localhost:8009/presentation-templates', '', '10.0.2.2', 1696442217),
	(16460, 2, 'page not found', '@uri', _binary 0x613a313a7b733a343a2240757269223b733a32333a222f70726573656e746174696f6e2d74656d706c61746573223b7d, 4, '', 'http://localhost:8009/presentation-templates', '', '10.0.2.2', 1696442467),
	(16461, 2, 'page not found', '@uri', _binary 0x613a313a7b733a343a2240757269223b733a32333a222f70726573656e746174696f6e2d74656d706c61746573223b7d, 4, '', 'http://localhost:8009/presentation-templates', '', '10.0.2.2', 1696443055),
	(16462, 0, 'cron', 'Starting execution of @module_cron().', _binary 0x613a313a7b733a373a22406d6f64756c65223b733a373a22636f6d6d656e74223b7d, 6, '', 'http://localhost:8009/presentation-templates', '', '10.0.2.2', 1696443055),
	(16463, 0, 'cron', 'Starting execution of @module_cron(), execution of @module_previous_cron() took @time.', _binary 0x613a333a7b733a373a22406d6f64756c65223b733a353a2264626c6f67223b733a31363a22406d6f64756c655f70726576696f7573223b733a373a22636f6d6d656e74223b733a353a224074696d65223b733a363a22312e38386d73223b7d, 6, '', 'http://localhost:8009/presentation-templates', '', '10.0.2.2', 1696443055),
	(16464, 0, 'cron', 'Starting execution of @module_cron(), execution of @module_previous_cron() took @time.', _binary 0x613a333a7b733a373a22406d6f64756c65223b733a353a226669656c64223b733a31363a22406d6f64756c655f70726576696f7573223b733a353a2264626c6f67223b733a353a224074696d65223b733a373a2231362e36326d73223b7d, 6, '', 'http://localhost:8009/presentation-templates', '', '10.0.2.2', 1696443055),
	(16465, 0, 'cron', 'Starting execution of @module_cron(), execution of @module_previous_cron() took @time.', _binary 0x613a333a7b733a373a22406d6f64756c65223b733a343a2266696c65223b733a31363a22406d6f64756c655f70726576696f7573223b733a353a226669656c64223b733a353a224074696d65223b733a363a22322e30316d73223b7d, 6, '', 'http://localhost:8009/presentation-templates', '', '10.0.2.2', 1696443055),
	(16466, 0, 'cron', 'Starting execution of @module_cron(), execution of @module_previous_cron() took @time.', _binary 0x613a333a7b733a373a22406d6f64756c65223b733a373a22686973746f7279223b733a31363a22406d6f64756c655f70726576696f7573223b733a343a2266696c65223b733a353a224074696d65223b733a373a2231372e38326d73223b7d, 6, '', 'http://localhost:8009/presentation-templates', '', '10.0.2.2', 1696443055),
	(16467, 0, 'cron', 'Starting execution of @module_cron(), execution of @module_previous_cron() took @time.', _binary 0x613a333a7b733a373a22406d6f64756c65223b733a343a226e6f6465223b733a31363a22406d6f64756c655f70726576696f7573223b733a373a22686973746f7279223b733a353a224074696d65223b733a363a22302e37346d73223b7d, 6, '', 'http://localhost:8009/presentation-templates', '', '10.0.2.2', 1696443055),
	(16468, 0, 'cron', 'Starting execution of @module_cron(), execution of @module_previous_cron() took @time.', _binary 0x613a333a7b733a373a22406d6f64756c65223b733a363a22736561726368223b733a31363a22406d6f64756c655f70726576696f7573223b733a343a226e6f6465223b733a353a224074696d65223b733a363a22352e32386d73223b7d, 6, '', 'http://localhost:8009/presentation-templates', '', '10.0.2.2', 1696443055),
	(16469, 0, 'cron', 'Starting execution of @module_cron(), execution of @module_previous_cron() took @time.', _binary 0x613a333a7b733a373a22406d6f64756c65223b733a363a2273797374656d223b733a31363a22406d6f64756c655f70726576696f7573223b733a363a22736561726368223b733a353a224074696d65223b733a363a22382e32386d73223b7d, 6, '', 'http://localhost:8009/presentation-templates', '', '10.0.2.2', 1696443055),
	(16470, 0, 'cron', 'Starting execution of @module_cron(), execution of @module_previous_cron() took @time.', _binary 0x613a333a7b733a373a22406d6f64756c65223b733a363a22757064617465223b733a31363a22406d6f64756c655f70726576696f7573223b733a363a2273797374656d223b733a353a224074696d65223b733a363a2236352e376d73223b7d, 6, '', 'http://localhost:8009/presentation-templates', '', '10.0.2.2', 1696443055),
	(16471, 0, 'smtp', 'Sending mail to: @to (subject: %subject)', _binary 0x613a323a7b733a333a2240746f223b733a32333a227472617669736a406369646573696e67696e632e636f6d223b733a383a22257375626a656374223b733a34383a224e65772072656c6561736528732920617661696c61626c6520666f7220486f757365686f6c642053616c657320417070223b7d, 6, '', 'http://localhost:8009/presentation-templates', '', '10.0.2.2', 1696443058),
	(16472, 0, 'cron', 'Execution of @module_previous_cron() took @time.', _binary 0x613a323a7b733a31363a22406d6f64756c655f70726576696f7573223b733a363a22757064617465223b733a353a224074696d65223b733a383a22323530382e336d73223b7d, 6, '', 'http://localhost:8009/presentation-templates', '', '10.0.2.2', 1696443058),
	(16473, 0, 'cron', 'Cron run completed.', _binary 0x613a303a7b7d, 6, '', 'http://localhost:8009/presentation-templates', '', '10.0.2.2', 1696443058),
	(16474, 2, 'page not found', '@uri', _binary 0x613a313a7b733a343a2240757269223b733a32333a222f70726573656e746174696f6e2d74656d706c61746573223b7d, 4, '', 'http://localhost:8009/presentation-templates', '', '10.0.2.2', 1696443080),
	(16475, 2, 'page not found', '@uri', _binary 0x613a313a7b733a343a2240757269223b733a32333a222f70726573656e746174696f6e2d74656d706c61746573223b7d, 4, '', 'http://localhost:8009/presentation-templates', '', '10.0.2.2', 1696443111),
	(16476, 2, 'php', '%type: @message in %function (line %line of %file) @backtrace_string.', _binary 0x[encoded data, 5938 characters], 4, '', 'http://localhost:8009/api/presentations/copy', 'http://localhost:8009/presentation-templates', '10.0.2.2', 1696443123),
	(16477, 2, 'php', '%type: @message in %function (line %line of %file) @backtrace_string.', _binary 0x[encoded data, 5938 characters], 4, '', 'http://localhost:8009/api/presentations/copy', 'http://localhost:8009/presentation-templates', '10.0.2.2', 1696443123),
	(16478, 2, 'php', '%type: @message in %function (line %line of %file) @backtrace_string.', _binary 0x[encoded data, 5938 characters], 4, '', 'http://localhost:8009/api/presentations/copy', 'http://localhost:8009/presentation-templates', '10.0.2.2', 1696443123),
	(16479, 2, 'php', '%type: @message in %function (line %line of %file) @backtrace_string.', _binary 0x[encoded data, 5938 characters], 4, '', 'http://localhost:8009/api/presentations/copy', 'http://localhost:8009/presentation-templates', '10.0.2.2', 1696443123),
	(16480, 2, 'php', '%type: @message in %function (line %line of %file) @backtrace_string.', _binary 0x[encoded data, 5938 characters], 4, '', 'http://localhost:8009/api/presentations/copy', 'http://localhost:8009/presentation-templates', '10.0.2.2', 1696443123),
	(16481, 2, 'php', '%type: @message in %function (line %line of %file) @backtrace_string.', _binary 0x[encoded data, 5938 characters], 4, '', 'http://localhost:8009/api/presentations/copy', 'http://localhost:8009/presentation-templates', '10.0.2.2', 1696443123),
	(16482, 2, 'php', '%type: @message in %function (line %line of %file) @backtrace_string.', _binary 0x[encoded data, 5938 characters], 4, '', 'http://localhost:8009/api/presentations/copy', 'http://localhost:8009/presentation-templates', '10.0.2.2', 1696443123),
	(16483, 2, 'php', '%type: @message in %function (line %line of %file) @backtrace_string.', _binary 0x[encoded data, 5938 characters], 4, '', 'http://localhost:8009/api/presentations/copy', 'http://localhost:8009/presentation-templates', '10.0.2.2', 1696443123),
	(16484, 2, 'php', '%type: @message in %function (line %line of %file) @backtrace_string.', _binary 0x[encoded data, 5938 characters], 4, '', 'http://localhost:8009/api/presentations/copy', 'http://localhost:8009/presentation-templates', '10.0.2.2', 1696443123),
	(16485, 2, 'php', '%type: @message in %function (line %line of %file) @backtrace_string.', _binary 0x[encoded data, 5938 characters], 4, '', 'http://localhost:8009/api/presentations/copy', 'http://localhost:8009/presentation-templates', '10.0.2.2', 1696443123),
	(16486, 2, 'php', '%type: @message in %function (line %line of %file) @backtrace_string.', _binary 0x[encoded data, 5938 characters], 4, '', 'http://localhost:8009/api/presentations/copy', 'http://localhost:8009/presentation-templates', '10.0.2.2', 1696443123),
	(16487, 2, 'php', '%type: @message in %function (line %line of %file) @backtrace_string.', _binary 0x[encoded data, 5938 characters], 4, '', 'http://localhost:8009/api/presentations/copy', 'http://localhost:8009/presentation-templates', '10.0.2.2', 1696443123),
	(16488, 2, 'php', '%type: @message in %function (line %line of %file) @backtrace_string.', _binary 0x[encoded data, 5938 characters], 4, '', 'http://localhost:8009/api/presentations/copy', 'http://localhost:8009/presentation-templates', '10.0.2.2', 1696443123),
	(16489, 2, 'php', '%type: @message in %function (line %line of %file) @backtrace_string.', _binary 0x[encoded data, 5938 characters], 4, '', 'http://localhost:8009/api/presentations/copy', 'http://localhost:8009/presentation-templates', '10.0.2.2', 1696443123),
	(16490, 2, 'php', '%type: @message in %function (line %line of %file) @backtrace_string.', _binary 0x[encoded data, 5938 characters], 4, '', 'http://localhost:8009/api/presentations/copy', 'http://localhost:8009/presentation-templates', '10.0.2.2', 1696443123),
	(16491, 2, 'php', '%type: @message in %function (line %line of %file) @backtrace_string.', _binary 0x[encoded data, 5938 characters], 4, '', 'http://localhost:8009/api/presentations/copy', 'http://localhost:8009/presentation-templates', '10.0.2.2', 1696443123),
	(16492, 2, 'php', '%type: @message in %function (line %line of %file) @backtrace_string.', _binary 0x[encoded data, 5938 characters], 4, '', 'http://localhost:8009/api/presentations/copy', 'http://localhost:8009/presentation-templates', '10.0.2.2', 1696443123),
	(16493, 2, 'php', '%type: @message in %function (line %line of %file) @backtrace_string.', _binary 0x[encoded data, 5938 characters], 4, '', 'http://localhost:8009/api/presentations/copy', 'http://localhost:8009/presentation-templates', '10.0.2.2', 1696443123),
	(16494, 2, 'php', '%type: @message in %function (line %line of %file) @backtrace_string.', _binary 0x[encoded data, 5938 characters], 4, '', 'http://localhost:8009/api/presentations/copy', 'http://localhost:8009/presentation-templates', '10.0.2.2', 1696443123),
	(16495, 2, 'php', '%type: @message in %function (line %line of %file) @backtrace_string.', _binary 0x[encoded data, 5938 characters], 4, '', 'http://localhost:8009/api/presentations/copy', 'http://localhost:8009/presentation-templates', '10.0.2.2', 1696443123),
	(16496, 2, 'php', '%type: @message in %function (line %line of %file) @backtrace_string.', _binary 0x[encoded data, 5938 characters], 4, '', 'http://localhost:8009/api/presentations/copy', 'http://localhost:8009/presentation-templates', '10.0.2.2', 1696443123),
	(16497, 2, 'php', '%type: @message in %function (line %line of %file) @backtrace_string.', _binary 0x[encoded data, 5938 characters], 4, '', 'http://localhost:8009/api/presentations/copy', 'http://localhost:8009/presentation-templates', '10.0.2.2', 1696443123),
	(16498, 2, 'php', '%type: @message in %function (line %line of %file) @backtrace_string.', _binary 0x[encoded data, 5938 characters], 4, '', 'http://localhost:8009/api/presentations/copy', 'http://localhost:8009/presentation-templates', '10.0.2.2', 1696443123),
	(16499, 2, 'php', '%type: @message in %function (line %line of %file) @backtrace_string.', _binary 0x[encoded data, 5938 characters], 4, '', 'http://localhost:8009/api/presentations/copy', 'http://localhost:8009/presentation-templates', '10.0.2.2', 1696443123),
	(16500, 2, 'php', '%type: @message in %function (line %line of %file) @backtrace_string.', _binary 0x[encoded data, 5938 characters], 4, '', 'http://localhost:8009/api/presentations/copy', 'http://localhost:8009/presentation-templates', '10.0.2.2', 1696443123),
	(16501, 2, 'php', '%type: @message in %function (line %line of %file) @backtrace_string.', _binary 0x[encoded data, 5938 characters], 4, '', 'http://localhost:8009/api/presentations/copy', 'http://localhost:8009/presentation-templates', '10.0.2.2', 1696443123),
	(16502, 2, 'php', '%type: @message in %function (line %line of %file) @backtrace_string.', _binary 0x[encoded data, 5938 characters], 4, '', 'http://localhost:8009/api/presentations/copy', 'http://localhost:8009/presentation-templates', '10.0.2.2', 1696443123),
	(16503, 2, 'php', '%type: @message in %function (line %line of %file) @backtrace_string.', _binary 0x[encoded data, 5938 characters], 4, '', 'http://localhost:8009/api/presentations/copy', 'http://localhost:8009/presentation-templates', '10.0.2.2', 1696443123),
	(16504, 2, 'php', '%type: @message in %function (line %line of %file) @backtrace_string.', _binary 0x[encoded data, 5938 characters], 4, '', 'http://localhost:8009/api/presentations/copy', 'http://localhost:8009/presentation-templates', '10.0.2.2', 1696443123),
	(16505, 2, 'php', '%type: @message in %function (line %line of %file) @backtrace_string.', _binary 0x[encoded data, 5938 characters], 4, '', 'http://localhost:8009/api/presentations/copy', 'http://localhost:8009/presentation-templates', '10.0.2.2', 1696443123),
	(16506, 2, 'page not found', '@uri', _binary 0x613a313a7b733a343a2240757269223b733a32333a222f70726573656e746174696f6e2d74656d706c61746573223b7d, 4, '', 'http://localhost:8009/presentation-templates', '', '10.0.2.2', 1696443138),
	(16507, 2, 'php', '%type: @message in %function (line %line of %file).', _binary 0x[encoded data, 8124 characters], 3, '', 'http://localhost:8009/api/presentations/user/2?search=tra', 'http://localhost:8009/presentation-templates', '10.0.2.2', 1696443168),
	(16508, 2, 'php', '%type: @message in %function (line %line of %file).', _binary 0x[encoded data, 8124 characters], 3, '', 'http://localhost:8009/api/presentations/user/2?search=tra', '', '10.0.2.2', 1696443239),
	(16509, 2, 'page not found', '@uri', _binary 0x613a313a7b733a343a2240757269223b733a32333a222f70726573656e746174696f6e2d74656d706c61746573223b7d, 4, '', 'http://localhost:8009/presentation-templates', '', '10.0.2.2', 1696443388),
	(16510, 2, 'page not found', '@uri', _binary 0x613a313a7b733a343a2240757269223b733a32333a222f70726573656e746174696f6e2d74656d706c61746573223b7d, 4, '', 'http://localhost:8009/presentation-templates', '', '10.0.2.2', 1696443442),
	(16511, 2, 'page not found', '@uri', _binary 0x613a313a7b733a343a2240757269223b733a32333a222f70726573656e746174696f6e2d74656d706c61746573223b7d, 4, '', 'http://localhost:8009/presentation-templates', '', '10.0.2.2', 1696443447),
	(16512, 2, 'page not found', '@uri', _binary 0x613a313a7b733a343a2240757269223b733a32333a222f70726573656e746174696f6e2d74656d706c61746573223b7d, 4, '', 'http://localhost:8009/presentation-templates', '', '10.0.2.2', 1696443673),
	(16513, 2, 'page not found', '@uri', _binary 0x613a313a7b733a343a2240757269223b733a32333a222f70726573656e746174696f6e2d74656d706c61746573223b7d, 4, '', 'http://localhost:8009/presentation-templates', '', '10.0.2.2', 1696443684),
	(16514, 2, 'page not found', '@uri', _binary 0x613a313a7b733a343a2240757269223b733a32333a222f70726573656e746174696f6e2d74656d706c61746573223b7d, 4, '', 'http://localhost:8009/presentation-templates', '', '10.0.2.2', 1696443715),
	(16515, 2, 'page not found', '@uri', _binary 0x613a313a7b733a343a2240757269223b733a32333a222f70726573656e746174696f6e2d74656d706c61746573223b7d, 4, '', 'http://localhost:8009/presentation-templates', '', '10.0.2.2', 1696443931),
	(16516, 2, 'page not found', '@uri', _binary 0x613a313a7b733a343a2240757269223b733a32333a222f70726573656e746174696f6e2d74656d706c61746573223b7d, 4, '', 'http://localhost:8009/presentation-templates', '', '10.0.2.2', 1696444194),
	(16517, 2, 'page not found', '@uri', _binary 0x613a313a7b733a343a2240757269223b733a32333a222f70726573656e746174696f6e2d74656d706c61746573223b7d, 4, '', 'http://localhost:8009/presentation-templates', '', '10.0.2.2', 1696444204),
	(16518, 2, 'page not found', '@uri', _binary 0x613a313a7b733a343a2240757269223b733a32333a222f70726573656e746174696f6e2d74656d706c61746573223b7d, 4, '', 'http://localhost:8009/presentation-templates', '', '10.0.2.2', 1696444209),
	(16519, 2, 'page not found', '@uri', _binary 0x613a313a7b733a343a2240757269223b733a32333a222f70726573656e746174696f6e2d74656d706c61746573223b7d, 4, '', 'http://localhost:8009/presentation-templates', '', '10.0.2.2', 1696444211),
	(16520, 2, 'page not found', '@uri', _binary 0x613a313a7b733a343a2240757269223b733a32333a222f70726573656e746174696f6e2d74656d706c61746573223b7d, 4, '', 'http://localhost:8009/presentation-templates', '', '10.0.2.2', 1696444271),
	(16521, 2, 'page not found', '@uri', _binary 0x613a313a7b733a343a2240757269223b733a32333a222f70726573656e746174696f6e2d74656d706c61746573223b7d, 4, '', 'http://localhost:8009/presentation-templates', '', '10.0.2.2', 1696452498),
	(16522, 2, 'page not found', '@uri', _binary 0x613a313a7b733a343a2240757269223b733a32333a222f70726573656e746174696f6e2d74656d706c61746573223b7d, 4, '', 'http://localhost:8009/presentation-templates', '', '10.0.2.2', 1696452630),
	(16523, 2, 'php', '%type: @message in %function (line %line of %file).', _binary 0x[encoded data, 5276 characters], 3, '', 'http://localhost:8009/api/presentations/0', 'http://localhost:8009/presentation-templates', '10.0.2.2', 1696452996),
	(16524, 2, 'page not found', '@uri', _binary 0x613a313a7b733a343a2240757269223b733a32333a222f70726573656e746174696f6e2d74656d706c61746573223b7d, 4, '', 'http://localhost:8009/presentation-templates', '', '10.0.2.2', 1696453060),
	(16525, 2, 'page not found', '@uri', _binary 0x613a313a7b733a343a2240757269223b733a32333a222f70726573656e746174696f6e2d74656d706c61746573223b7d, 4, '', 'http://localhost:8009/presentation-templates', '', '10.0.2.2', 1696453081),
	(16526, 2, 'page not found', '@uri', _binary 0x613a313a7b733a343a2240757269223b733a32333a222f70726573656e746174696f6e2d74656d706c61746573223b7d, 4, '', 'http://localhost:8009/presentation-templates', '', '10.0.2.2', 1696453274),
	(16527, 2, 'page not found', '@uri', _binary 0x613a313a7b733a343a2240757269223b733a32333a222f70726573656e746174696f6e2d74656d706c61746573223b7d, 4, '', 'http://localhost:8009/presentation-templates', '', '10.0.2.2', 1696453297),
	(16528, 2, 'page not found', '@uri', _binary 0x613a313a7b733a343a2240757269223b733a32333a222f70726573656e746174696f6e2d74656d706c61746573223b7d, 4, '', 'http://localhost:8009/presentation-templates', '', '10.0.2.2', 1696453345),
	(16529, 2, 'page not found', '@uri', _binary 0x613a313a7b733a343a2240757269223b733a32333a222f70726573656e746174696f6e2d74656d706c61746573223b7d, 4, '', 'http://localhost:8009/presentation-templates', '', '10.0.2.2', 1696453409),
	(16530, 2, 'page not found', '@uri', _binary 0x613a313a7b733a343a2240757269223b733a32333a222f70726573656e746174696f6e2d74656d706c61746573223b7d, 4, '', 'http://localhost:8009/presentation-templates', '', '10.0.2.2', 1696453632),
	(16531, 2, 'page not found', '@uri', _binary 0x613a313a7b733a343a2240757269223b733a32333a222f70726573656e746174696f6e2d74656d706c61746573223b7d, 4, '', 'http://localhost:8009/presentation-templates', '', '10.0.2.2', 1696453676),
	(16532, 2, 'page not found', '@uri', _binary 0x613a313a7b733a343a2240757269223b733a32333a222f70726573656e746174696f6e2d74656d706c61746573223b7d, 4, '', 'http://localhost:8009/presentation-templates', '', '10.0.2.2', 1696453735),
	(16533, 0, 'cron', 'Attempting to re-run cron while it is already running.', _binary 0x613a303a7b7d, 4, '', 'http://localhost:8009/api/presentations/user/2', 'http://localhost:8009/presentation-templates', '10.0.2.2', 1696453938),
	(16534, 0, 'cron', 'Attempting to re-run cron while it is already running.', _binary 0x613a303a7b7d, 4, '', 'http://localhost:8009/api/presentations/user/2', 'http://localhost:8009/presentation-templates', '10.0.2.2', 1696453938),
	(16535, 0, 'cron', 'Starting execution of @module_cron().', _binary 0x613a313a7b733a373a22406d6f64756c65223b733a373a22636f6d6d656e74223b7d, 6, '', 'http://localhost:8009/api/presentations/user/2', 'http://localhost:8009/presentation-templates', '10.0.2.2', 1696453938),
	(16536, 0, 'cron', 'Starting execution of @module_cron(), execution of @module_previous_cron() took @time.', _binary 0x613a333a7b733a373a22406d6f64756c65223b733a353a2264626c6f67223b733a31363a22406d6f64756c655f70726576696f7573223b733a373a22636f6d6d656e74223b733a353a224074696d65223b733a363a22312e32326d73223b7d, 6, '', 'http://localhost:8009/api/presentations/user/2', 'http://localhost:8009/presentation-templates', '10.0.2.2', 1696453938),
	(16537, 0, 'cron', 'Starting execution of @module_cron(), execution of @module_previous_cron() took @time.', _binary 0x613a333a7b733a373a22406d6f64756c65223b733a353a226669656c64223b733a31363a22406d6f64756c655f70726576696f7573223b733a353a2264626c6f67223b733a353a224074696d65223b733a363a22392e35326d73223b7d, 6, '', 'http://localhost:8009/api/presentations/user/2', 'http://localhost:8009/presentation-templates', '10.0.2.2', 1696453938),
	(16538, 0, 'cron', 'Starting execution of @module_cron(), execution of @module_previous_cron() took @time.', _binary 0x613a333a7b733a373a22406d6f64756c65223b733a343a2266696c65223b733a31363a22406d6f64756c655f70726576696f7573223b733a353a226669656c64223b733a353a224074696d65223b733a363a22312e36316d73223b7d, 6, '', 'http://localhost:8009/api/presentations/user/2', 'http://localhost:8009/presentation-templates', '10.0.2.2', 1696453938),
	(16539, 0, 'cron', 'Starting execution of @module_cron(), execution of @module_previous_cron() took @time.', _binary 0x613a333a7b733a373a22406d6f64756c65223b733a373a22686973746f7279223b733a31363a22406d6f64756c655f70726576696f7573223b733a343a2266696c65223b733a353a224074696d65223b733a363a22362e32356d73223b7d, 6, '', 'http://localhost:8009/api/presentations/user/2', 'http://localhost:8009/presentation-templates', '10.0.2.2', 1696453938),
	(16540, 0, 'cron', 'Starting execution of @module_cron(), execution of @module_previous_cron() took @time.', _binary 0x613a333a7b733a373a22406d6f64756c65223b733a343a226e6f6465223b733a31363a22406d6f64756c655f70726576696f7573223b733a373a22686973746f7279223b733a353a224074696d65223b733a363a22302e32366d73223b7d, 6, '', 'http://localhost:8009/api/presentations/user/2', 'http://localhost:8009/presentation-templates', '10.0.2.2', 1696453938),
	(16541, 0, 'cron', 'Starting execution of @module_cron(), execution of @module_previous_cron() took @time.', _binary 0x613a333a7b733a373a22406d6f64756c65223b733a363a22736561726368223b733a31363a22406d6f64756c655f70726576696f7573223b733a343a226e6f6465223b733a353a224074696d65223b733a363a22342e33356d73223b7d, 6, '', 'http://localhost:8009/api/presentations/user/2', 'http://localhost:8009/presentation-templates', '10.0.2.2', 1696453938),
	(16542, 0, 'cron', 'Starting execution of @module_cron(), execution of @module_previous_cron() took @time.', _binary 0x613a333a7b733a373a22406d6f64756c65223b733a363a2273797374656d223b733a31363a22406d6f64756c655f70726576696f7573223b733a363a22736561726368223b733a353a224074696d65223b733a363a22382e38346d73223b7d, 6, '', 'http://localhost:8009/api/presentations/user/2', 'http://localhost:8009/presentation-templates', '10.0.2.2', 1696453938),
	(16543, 0, 'cron', 'Starting execution of @module_cron(), execution of @module_previous_cron() took @time.', _binary 0x613a333a7b733a373a22406d6f64756c65223b733a363a22757064617465223b733a31363a22406d6f64756c655f70726576696f7573223b733a363a2273797374656d223b733a353a224074696d65223b733a383a223530302e33396d73223b7d, 6, '', 'http://localhost:8009/api/presentations/user/2', 'http://localhost:8009/presentation-templates', '10.0.2.2', 1696453938),
	(16544, 0, 'cron', 'Attempting to re-run cron while it is already running.', _binary 0x613a303a7b7d, 4, '', 'http://localhost:8009/api/presentations', 'http://localhost:8009/presentation-templates', '10.0.2.2', 1696453942),
	(16545, 0, 'cron', 'Attempting to re-run cron while it is already running.', _binary 0x613a303a7b7d, 4, '', 'http://localhost:8009/api/presentations/user/2', 'http://localhost:8009/presentation-templates', '10.0.2.2', 1696453942),
	(16546, 0, 'cron', 'Execution of @module_previous_cron() took @time.', _binary 0x613a323a7b733a31363a22406d6f64756c655f70726576696f7573223b733a363a22757064617465223b733a353a224074696d65223b733a393a22333530372e39366d73223b7d, 6, '', 'http://localhost:8009/api/presentations/user/2', 'http://localhost:8009/presentation-templates', '10.0.2.2', 1696453942),
	(16547, 0, 'cron', 'Cron run completed.', _binary 0x613a303a7b7d, 6, '', 'http://localhost:8009/api/presentations/user/2', 'http://localhost:8009/presentation-templates', '10.0.2.2', 1696453942),
	(16548, 2, 'page not found', '@uri', _binary 0x613a313a7b733a343a2240757269223b733a32333a222f70726573656e746174696f6e2d74656d706c61746573223b7d, 4, '', 'http://localhost:8009/presentation-templates', '', '10.0.2.2', 1696453948),
	(16549, 2, 'page not found', '@uri', _binary 0x613a313a7b733a343a2240757269223b733a32363a222f70726573656e746174696f6e2d74656d706c617465732f3333223b7d, 4, '', 'http://localhost:8009/presentation-templates/33', '', '10.0.2.2', 1696454024),
	(16550, 2, 'page not found', '@uri', _binary 0x613a313a7b733a343a2240757269223b733a32363a222f70726573656e746174696f6e2d74656d706c617465732f3333223b7d, 4, '', 'http://localhost:8009/presentation-templates/33', '', '10.0.2.2', 1696454066),
	(16551, 2, 'page not found', '@uri', _binary 0x613a313a7b733a343a2240757269223b733a32363a222f70726573656e746174696f6e2d74656d706c617465732f3333223b7d, 4, '', 'http://localhost:8009/presentation-templates/33', '', '10.0.2.2', 1696454152),
	(16552, 2, 'page not found', '@uri', _binary 0x613a313a7b733a343a2240757269223b733a32363a222f70726573656e746174696f6e2d74656d706c617465732f3333223b7d, 4, '', 'http://localhost:8009/presentation-templates/33', '', '10.0.2.2', 1696454276),
	(16553, 2, 'page not found', '@uri', _binary 0x613a313a7b733a343a2240757269223b733a32333a222f70726573656e746174696f6e2d74656d706c61746573223b7d, 4, '', 'http://localhost:8009/presentation-templates', '', '10.0.2.2', 1696454792),
	(16554, 2, 'page not found', '@uri', _binary 0x613a313a7b733a343a2240757269223b733a32333a222f70726573656e746174696f6e2d74656d706c61746573223b7d, 4, '', 'http://localhost:8009/presentation-templates', '', '10.0.2.2', 1696455008),
	(16555, 2, 'page not found', '@uri', _binary 0x613a313a7b733a343a2240757269223b733a32333a222f70726573656e746174696f6e2d74656d706c61746573223b7d, 4, '', 'http://localhost:8009/presentation-templates', '', '10.0.2.2', 1696455016),
	(16556, 2, 'page not found', '@uri', _binary 0x613a313a7b733a343a2240757269223b733a32333a222f70726573656e746174696f6e2d74656d706c61746573223b7d, 4, '', 'http://localhost:8009/presentation-templates', '', '10.0.2.2', 1696455022),
	(16557, 2, 'page not found', '@uri', _binary 0x613a313a7b733a343a2240757269223b733a32333a222f70726573656e746174696f6e2d74656d706c61746573223b7d, 4, '', 'http://localhost:8009/presentation-templates', '', '10.0.2.2', 1696455077),
	(16558, 2, 'page not found', '@uri', _binary 0x613a313a7b733a343a2240757269223b733a32333a222f70726573656e746174696f6e2d74656d706c61746573223b7d, 4, '', 'http://localhost:8009/presentation-templates', '', '10.0.2.2', 1696455082),
	(16559, 2, 'page not found', '@uri', _binary 0x613a313a7b733a343a2240757269223b733a32333a222f70726573656e746174696f6e2d74656d706c61746573223b7d, 4, '', 'http://localhost:8009/presentation-templates', '', '10.0.2.2', 1696455088),
	(16560, 2, 'page not found', '@uri', _binary 0x613a313a7b733a343a2240757269223b733a32333a222f70726573656e746174696f6e2d74656d706c61746573223b7d, 4, '', 'http://localhost:8009/presentation-templates', '', '10.0.2.2', 1696455134),
	(16561, 2, 'page not found', '@uri', _binary 0x613a313a7b733a343a2240757269223b733a32333a222f70726573656e746174696f6e2d74656d706c61746573223b7d, 4, '', 'http://localhost:8009/presentation-templates', '', '10.0.2.2', 1696455235),
	(16562, 2, 'page not found', '@uri', _binary 0x613a313a7b733a343a2240757269223b733a32333a222f70726573656e746174696f6e2d74656d706c61746573223b7d, 4, '', 'http://localhost:8009/presentation-templates', '', '10.0.2.2', 1696455243),
	(16563, 2, 'page not found', '@uri', _binary 0x613a313a7b733a343a2240757269223b733a32333a222f70726573656e746174696f6e2d74656d706c61746573223b7d, 4, '', 'http://localhost:8009/presentation-templates', '', '10.0.2.2', 1696455440),
	(16564, 2, 'page not found', '@uri', _binary 0x613a313a7b733a343a2240757269223b733a32333a222f70726573656e746174696f6e2d74656d706c61746573223b7d, 4, '', 'http://localhost:8009/presentation-templates', '', '10.0.2.2', 1696455444),
	(16565, 2, 'page not found', '@uri', _binary 0x613a313a7b733a343a2240757269223b733a32333a222f70726573656e746174696f6e2d74656d706c61746573223b7d, 4, '', 'http://localhost:8009/presentation-templates', '', '10.0.2.2', 1696455456),
	(16566, 2, 'page not found', '@uri', _binary 0x613a313a7b733a343a2240757269223b733a32333a222f70726573656e746174696f6e2d74656d706c61746573223b7d, 4, '', 'http://localhost:8009/presentation-templates', '', '10.0.2.2', 1696455501),
	(16567, 2, 'page not found', '@uri', _binary 0x613a313a7b733a343a2240757269223b733a32333a222f70726573656e746174696f6e2d74656d706c61746573223b7d, 4, '', 'http://localhost:8009/presentation-templates', '', '10.0.2.2', 1696455516),
	(16568, 2, 'page not found', '@uri', _binary 0x613a313a7b733a343a2240757269223b733a32333a222f70726573656e746174696f6e2d74656d706c61746573223b7d, 4, '', 'http://localhost:8009/presentation-templates', '', '10.0.2.2', 1696455588),
	(16569, 2, 'page not found', '@uri', _binary 0x613a313a7b733a343a2240757269223b733a32333a222f70726573656e746174696f6e2d74656d706c61746573223b7d, 4, '', 'http://localhost:8009/presentation-templates', '', '10.0.2.2', 1696455770),
	(16570, 2, 'page not found', '@uri', _binary 0x613a313a7b733a343a2240757269223b733a32333a222f70726573656e746174696f6e2d74656d706c61746573223b7d, 4, '', 'http://localhost:8009/presentation-templates', '', '10.0.2.2', 1696455801),
	(16571, 2, 'page not found', '@uri', _binary 0x613a313a7b733a343a2240757269223b733a32333a222f70726573656e746174696f6e2d74656d706c61746573223b7d, 4, '', 'http://localhost:8009/presentation-templates', '', '10.0.2.2', 1696455890),
	(16572, 2, 'page not found', '@uri', _binary 0x613a313a7b733a343a2240757269223b733a32333a222f70726573656e746174696f6e2d74656d706c61746573223b7d, 4, '', 'http://localhost:8009/presentation-templates', '', '10.0.2.2', 1696455924),
	(16573, 2, 'page not found', '@uri', _binary 0x613a313a7b733a343a2240757269223b733a32333a222f70726573656e746174696f6e2d74656d706c61746573223b7d, 4, '', 'http://localhost:8009/presentation-templates', '', '10.0.2.2', 1696455930),
	(16574, 2, 'page not found', '@uri', _binary 0x613a313a7b733a343a2240757269223b733a32333a222f70726573656e746174696f6e2d74656d706c61746573223b7d, 4, '', 'http://localhost:8009/presentation-templates', '', '10.0.2.2', 1696455973),
	(16575, 2, 'page not found', '@uri', _binary 0x613a313a7b733a343a2240757269223b733a32333a222f70726573656e746174696f6e2d74656d706c61746573223b7d, 4, '', 'http://localhost:8009/presentation-templates', '', '10.0.2.2', 1696458327),
	(16576, 2, 'page not found', '@uri', _binary 0x613a313a7b733a343a2240757269223b733a32333a222f70726573656e746174696f6e2d74656d706c61746573223b7d, 4, '', 'http://localhost:8009/presentation-templates', '', '10.0.2.2', 1696458360),
	(16577, 2, 'page not found', '@uri', _binary 0x613a313a7b733a343a2240757269223b733a32333a222f70726573656e746174696f6e2d74656d706c61746573223b7d, 4, '', 'http://localhost:8009/presentation-templates', '', '10.0.2.2', 1696458429),
	(16578, 2, 'page not found', '@uri', _binary 0x613a313a7b733a343a2240757269223b733a32333a222f70726573656e746174696f6e2d74656d706c61746573223b7d, 4, '', 'http://localhost:8009/presentation-templates', '', '10.0.2.2', 1696458445),
	(16579, 2, 'page not found', '@uri', _binary 0x613a313a7b733a343a2240757269223b733a32333a222f70726573656e746174696f6e2d74656d706c61746573223b7d, 4, '', 'http://localhost:8009/presentation-templates', '', '10.0.2.2', 1696458454),
	(16580, 2, 'page not found', '@uri', _binary 0x613a313a7b733a343a2240757269223b733a32333a222f70726573656e746174696f6e2d74656d706c61746573223b7d, 4, '', 'http://localhost:8009/presentation-templates', '', '10.0.2.2', 1696458465),
	(16581, 2, 'page not found', '@uri', _binary 0x613a313a7b733a343a2240757269223b733a32333a222f70726573656e746174696f6e2d74656d706c61746573223b7d, 4, '', 'http://localhost:8009/presentation-templates', '', '10.0.2.2', 1696458472),
	(16582, 2, 'page not found', '@uri', _binary 0x613a313a7b733a343a2240757269223b733a32333a222f70726573656e746174696f6e2d74656d706c61746573223b7d, 4, '', 'http://localhost:8009/presentation-templates', '', '10.0.2.2', 1696458484),
	(16583, 2, 'page not found', '@uri', _binary 0x613a313a7b733a343a2240757269223b733a32333a222f70726573656e746174696f6e2d74656d706c61746573223b7d, 4, '', 'http://localhost:8009/presentation-templates', '', '10.0.2.2', 1696458493),
	(16584, 2, 'page not found', '@uri', _binary 0x613a313a7b733a343a2240757269223b733a32333a222f70726573656e746174696f6e2d74656d706c61746573223b7d, 4, '', 'http://localhost:8009/presentation-templates', '', '10.0.2.2', 1696458536),
	(16585, 2, 'page not found', '@uri', _binary 0x613a313a7b733a343a2240757269223b733a32333a222f70726573656e746174696f6e2d74656d706c61746573223b7d, 4, '', 'http://localhost:8009/presentation-templates', '', '10.0.2.2', 1696458551),
	(16586, 2, 'page not found', '@uri', _binary 0x613a313a7b733a343a2240757269223b733a32333a222f70726573656e746174696f6e2d74656d706c61746573223b7d, 4, '', 'http://localhost:8009/presentation-templates', '', '10.0.2.2', 1696458572),
	(16587, 2, 'page not found', '@uri', _binary 0x613a313a7b733a343a2240757269223b733a32333a222f70726573656e746174696f6e2d74656d706c61746573223b7d, 4, '', 'http://localhost:8009/presentation-templates', '', '10.0.2.2', 1696458582),
	(16588, 2, 'page not found', '@uri', _binary 0x613a313a7b733a343a2240757269223b733a32333a222f70726573656e746174696f6e2d74656d706c61746573223b7d, 4, '', 'http://localhost:8009/presentation-templates', '', '10.0.2.2', 1696458595),
	(16589, 2, 'page not found', '@uri', _binary 0x613a313a7b733a343a2240757269223b733a32333a222f70726573656e746174696f6e2d74656d706c61746573223b7d, 4, '', 'http://localhost:8009/presentation-templates', '', '10.0.2.2', 1696458628),
	(16590, 2, 'page not found', '@uri', _binary 0x613a313a7b733a343a2240757269223b733a32333a222f70726573656e746174696f6e2d74656d706c61746573223b7d, 4, '', 'http://localhost:8009/presentation-templates', '', '10.0.2.2', 1696458647),
	(16591, 2, 'page not found', '@uri', _binary 0x613a313a7b733a343a2240757269223b733a32333a222f70726573656e746174696f6e2d74656d706c61746573223b7d, 4, '', 'http://localhost:8009/presentation-templates', '', '10.0.2.2', 1696458674),
	(16592, 2, 'page not found', '@uri', _binary 0x613a313a7b733a343a2240757269223b733a32333a222f70726573656e746174696f6e2d74656d706c61746573223b7d, 4, '', 'http://localhost:8009/presentation-templates', '', '10.0.2.2', 1696458689),
	(16593, 2, 'page not found', '@uri', _binary 0x613a313a7b733a343a2240757269223b733a32333a222f70726573656e746174696f6e2d74656d706c61746573223b7d, 4, '', 'http://localhost:8009/presentation-templates', '', '10.0.2.2', 1696458723),
	(16594, 2, 'page not found', '@uri', _binary 0x613a313a7b733a343a2240757269223b733a32333a222f70726573656e746174696f6e2d74656d706c61746573223b7d, 4, '', 'http://localhost:8009/presentation-templates', '', '10.0.2.2', 1696458801),
	(16595, 2, 'page not found', '@uri', _binary 0x613a313a7b733a343a2240757269223b733a32333a222f70726573656e746174696f6e2d74656d706c61746573223b7d, 4, '', 'http://localhost:8009/presentation-templates', '', '10.0.2.2', 1696458813),
	(16596, 2, 'page not found', '@uri', _binary 0x613a313a7b733a343a2240757269223b733a32333a222f70726573656e746174696f6e2d74656d706c61746573223b7d, 4, '', 'http://localhost:8009/presentation-templates', '', '10.0.2.2', 1696459178),
	(16597, 2, 'page not found', '@uri', _binary 0x613a313a7b733a343a2240757269223b733a32333a222f70726573656e746174696f6e2d74656d706c61746573223b7d, 4, '', 'http://localhost:8009/presentation-templates', '', '10.0.2.2', 1696459253),
	(16598, 2, 'page not found', '@uri', _binary 0x613a313a7b733a343a2240757269223b733a32333a222f70726573656e746174696f6e2d74656d706c61746573223b7d, 4, '', 'http://localhost:8009/presentation-templates', '', '10.0.2.2', 1696459273),
	(16599, 2, 'page not found', '@uri', _binary 0x613a313a7b733a343a2240757269223b733a32333a222f70726573656e746174696f6e2d74656d706c61746573223b7d, 4, '', 'http://localhost:8009/presentation-templates', '', '10.0.2.2', 1696459308),
	(16600, 0, 'cron', 'Starting execution of @module_cron().', _binary 0x613a313a7b733a373a22406d6f64756c65223b733a373a22636f6d6d656e74223b7d, 6, '', 'http://localhost:8009/', '', '10.0.2.2', 1696523605),
	(16601, 0, 'cron', 'Starting execution of @module_cron(), execution of @module_previous_cron() took @time.', _binary 0x613a333a7b733a373a22406d6f64756c65223b733a353a2264626c6f67223b733a31363a22406d6f64756c655f70726576696f7573223b733a373a22636f6d6d656e74223b733a353a224074696d65223b733a363a2233382e376d73223b7d, 6, '', 'http://localhost:8009/', '', '10.0.2.2', 1696523605),
	(16602, 0, 'cron', 'Starting execution of @module_cron(), execution of @module_previous_cron() took @time.', _binary 0x613a333a7b733a373a22406d6f64756c65223b733a353a226669656c64223b733a31363a22406d6f64756c655f70726576696f7573223b733a353a2264626c6f67223b733a353a224074696d65223b733a363a22322e34356d73223b7d, 6, '', 'http://localhost:8009/', '', '10.0.2.2', 1696523605),
	(16603, 0, 'cron', 'Starting execution of @module_cron(), execution of @module_previous_cron() took @time.', _binary 0x613a333a7b733a373a22406d6f64756c65223b733a343a2266696c65223b733a31363a22406d6f64756c655f70726576696f7573223b733a353a226669656c64223b733a353a224074696d65223b733a373a2233382e39316d73223b7d, 6, '', 'http://localhost:8009/', '', '10.0.2.2', 1696523605),
	(16604, 0, 'cron', 'Starting execution of @module_cron(), execution of @module_previous_cron() took @time.', _binary 0x613a333a7b733a373a22406d6f64756c65223b733a373a22686973746f7279223b733a31363a22406d6f64756c655f70726576696f7573223b733a343a2266696c65223b733a353a224074696d65223b733a373a2237342e33316d73223b7d, 6, '', 'http://localhost:8009/', '', '10.0.2.2', 1696523605),
	(16605, 0, 'cron', 'Starting execution of @module_cron(), execution of @module_previous_cron() took @time.', _binary 0x613a333a7b733a373a22406d6f64756c65223b733a343a226e6f6465223b733a31363a22406d6f64756c655f70726576696f7573223b733a373a22686973746f7279223b733a353a224074696d65223b733a363a22302e32316d73223b7d, 6, '', 'http://localhost:8009/', '', '10.0.2.2', 1696523605),
	(16606, 0, 'cron', 'Starting execution of @module_cron(), execution of @module_previous_cron() took @time.', _binary 0x613a333a7b733a373a22406d6f64756c65223b733a363a22736561726368223b733a31363a22406d6f64756c655f70726576696f7573223b733a343a226e6f6465223b733a353a224074696d65223b733a373a2239392e36386d73223b7d, 6, '', 'http://localhost:8009/', '', '10.0.2.2', 1696523605),
	(16607, 0, 'cron', 'Starting execution of @module_cron(), execution of @module_previous_cron() took @time.', _binary 0x613a333a7b733a373a22406d6f64756c65223b733a363a2273797374656d223b733a31363a22406d6f64756c655f70726576696f7573223b733a363a22736561726368223b733a353a224074696d65223b733a383a223239322e31396d73223b7d, 6, '', 'http://localhost:8009/', '', '10.0.2.2', 1696523605),
	(16608, 0, 'cron', 'Starting execution of @module_cron(), execution of @module_previous_cron() took @time.', _binary 0x613a333a7b733a373a22406d6f64756c65223b733a363a22757064617465223b733a31363a22406d6f64756c655f70726576696f7573223b733a363a2273797374656d223b733a353a224074696d65223b733a393a22313232302e33376d73223b7d, 6, '', 'http://localhost:8009/', '', '10.0.2.2', 1696523607),
	(16609, 0, 'cron', 'Execution of @module_previous_cron() took @time.', _binary 0x613a323a7b733a31363a22406d6f64756c655f70726576696f7573223b733a363a22757064617465223b733a353a224074696d65223b733a393a22333936322e32356d73223b7d, 6, '', 'http://localhost:8009/', '', '10.0.2.2', 1696523611),
	(16610, 0, 'cron', 'Cron run completed.', _binary 0x613a303a7b7d, 6, '', 'http://localhost:8009/', '', '10.0.2.2', 1696523611),
	(16611, 2, 'page not found', '@uri', _binary 0x613a313a7b733a343a2240757269223b733a32363a222f70726573656e746174696f6e2d74656d706c617465732f3235223b7d, 4, '', 'http://localhost:8009/presentation-templates/25', '', '10.0.2.2', 1696523644),
	(16612, 2, 'page not found', '@uri', _binary 0x613a313a7b733a343a2240757269223b733a32363a222f70726573656e746174696f6e2d74656d706c617465732f3333223b7d, 4, '', 'http://localhost:8009/presentation-templates/33', '', '10.0.2.2', 1696523655),
	(16613, 2, 'page not found', '@uri', _binary 0x613a313a7b733a343a2240757269223b733a32363a222f70726573656e746174696f6e2d74656d706c617465732f3333223b7d, 4, '', 'http://localhost:8009/presentation-templates/33', '', '10.0.2.2', 1696523662),
	(16614, 2, 'page not found', '@uri', _binary 0x613a313a7b733a343a2240757269223b733a32363a222f70726573656e746174696f6e2d74656d706c617465732f3235223b7d, 4, '', 'http://localhost:8009/presentation-templates/25', '', '10.0.2.2', 1696523673),
	(16615, 2, 'page not found', '@uri', _binary 0x613a313a7b733a343a2240757269223b733a32363a222f70726573656e746174696f6e2d74656d706c617465732f3333223b7d, 4, '', 'http://localhost:8009/presentation-templates/33', '', '10.0.2.2', 1696523679),
	(16616, 2, 'php', '%type: @message in %function (line %line of %file) @backtrace_string.', _binary 0x[encoded data, 5938 characters], 4, '', 'http://localhost:8009/api/presentations/copy', 'http://localhost:8009/presentation-templates', '10.0.2.2', 1696523688),
	(16617, 2, 'php', '%type: @message in %function (line %line of %file) @backtrace_string.', _binary 0x[encoded data, 5938 characters], 4, '', 'http://localhost:8009/api/presentations/copy', 'http://localhost:8009/presentation-templates', '10.0.2.2', 1696523688),
	(16618, 2, 'php', '%type: @message in %function (line %line of %file) @backtrace_string.', _binary 0x[encoded data, 5938 characters], 4, '', 'http://localhost:8009/api/presentations/copy', 'http://localhost:8009/presentation-templates', '10.0.2.2', 1696523688),
	(16619, 2, 'php', '%type: @message in %function (line %line of %file) @backtrace_string.', _binary 0x[encoded data, 5938 characters], 4, '', 'http://localhost:8009/api/presentations/copy', 'http://localhost:8009/presentation-templates', '10.0.2.2', 1696523688),
	(16620, 2, 'php', '%type: @message in %function (line %line of %file) @backtrace_string.', _binary 0x[encoded data, 5938 characters], 4, '', 'http://localhost:8009/api/presentations/copy', 'http://localhost:8009/presentation-templates', '10.0.2.2', 1696523688),
	(16621, 2, 'php', '%type: @message in %function (line %line of %file) @backtrace_string.', _binary 0x[encoded data, 5938 characters], 4, '', 'http://localhost:8009/api/presentations/copy', 'http://localhost:8009/presentation-templates', '10.0.2.2', 1696523688),
	(16622, 2, 'php', '%type: @message in %function (line %line of %file) @backtrace_string.', _binary 0x[encoded data, 5938 characters], 4, '', 'http://localhost:8009/api/presentations/copy', 'http://localhost:8009/presentation-templates', '10.0.2.2', 1696523688),
	(16623, 2, 'php', '%type: @message in %function (line %line of %file) @backtrace_string.', _binary 0x[encoded data, 5938 characters], 4, '', 'http://localhost:8009/api/presentations/copy', 'http://localhost:8009/presentation-templates', '10.0.2.2', 1696523688),
	(16624, 2, 'php', '%type: @message in %function (line %line of %file) @backtrace_string.', _binary 0x[encoded data, 5938 characters], 4, '', 'http://localhost:8009/api/presentations/copy', 'http://localhost:8009/presentation-templates', '10.0.2.2', 1696523688),
	(16625, 2, 'php', '%type: @message in %function (line %line of %file) @backtrace_string.', _binary 0x[encoded data, 5938 characters], 4, '', 'http://localhost:8009/api/presentations/copy', 'http://localhost:8009/presentation-templates', '10.0.2.2', 1696523688),
	(16626, 2, 'php', '%type: @message in %function (line %line of %file) @backtrace_string.', _binary 0x[encoded data, 5938 characters], 4, '', 'http://localhost:8009/api/presentations/copy', 'http://localhost:8009/presentation-templates', '10.0.2.2', 1696523688),
	(16627, 2, 'php', '%type: @message in %function (line %line of %file) @backtrace_string.', _binary 0x[encoded data, 5938 characters], 4, '', 'http://localhost:8009/api/presentations/copy', 'http://localhost:8009/presentation-templates', '10.0.2.2', 1696523688),
	(16628, 2, 'php', '%type: @message in %function (line %line of %file) @backtrace_string.', _binary 0x[encoded data, 5938 characters], 4, '', 'http://localhost:8009/api/presentations/copy', 'http://localhost:8009/presentation-templates', '10.0.2.2', 1696523688),
	(16629, 2, 'php', '%type: @message in %function (line %line of %file) @backtrace_string.', _binary 0x[encoded data, 5938 characters], 4, '', 'http://localhost:8009/api/presentations/copy', 'http://localhost:8009/presentation-templates', '10.0.2.2', 1696523688),
	(16630, 2, 'php', '%type: @message in %function (line %line of %file) @backtrace_string.', _binary 0x[encoded data, 5938 characters], 4, '', 'http://localhost:8009/api/presentations/copy', 'http://localhost:8009/presentation-templates', '10.0.2.2', 1696523688),
	(16631, 2, 'php', '%type: @message in %function (line %line of %file) @backtrace_string.', _binary 0x[encoded data, 5938 characters], 4, '', 'http://localhost:8009/api/presentations/copy', 'http://localhost:8009/presentation-templates', '10.0.2.2', 1696523688),
	(16632, 2, 'php', '%type: @message in %function (line %line of %file) @backtrace_string.', _binary 0x[encoded data, 5938 characters], 4, '', 'http://localhost:8009/api/presentations/copy', 'http://localhost:8009/presentation-templates', '10.0.2.2', 1696523688),
	(16633, 2, 'php', '%type: @message in %function (line %line of %file) @backtrace_string.', _binary 0x[encoded data, 5938 characters], 4, '', 'http://localhost:8009/api/presentations/copy', 'http://localhost:8009/presentation-templates', '10.0.2.2', 1696523688),
	(16634, 2, 'php', '%type: @message in %function (line %line of %file) @backtrace_string.', _binary 0x[encoded data, 5938 characters], 4, '', 'http://localhost:8009/api/presentations/copy', 'http://localhost:8009/presentation-templates', '10.0.2.2', 1696523688),
